{"id":8150,"date":"2024-10-14T07:27:53","date_gmt":"2024-10-14T07:27:53","guid":{"rendered":"http:\/\/parafiarussocice.pl\/?page_id=8150"},"modified":"2024-10-14T07:27:53","modified_gmt":"2024-10-14T07:27:53","slug":"odpust-ku-czci-sw-michala-archaniola-29-09-2024","status":"publish","type":"page","link":"http:\/\/parafiarussocice.pl\/index.php\/odpust-ku-czci-sw-michala-archaniola-29-09-2024\/","title":{"rendered":"Odpust ku czci \u015bw. Micha\u0142a Archanio\u0142a (29.09.2024)"},"content":{"rendered":"<!-- default-view.php -->\n<div\n\tclass=\"ngg-galleryoverview default-view \"\n\tid=\"ngg-gallery-3286a3dcc2fea8d6142b67a9d40e0eb2-1\">\n\n\t\t<!-- Thumbnails -->\n\t\t\t\t<div id=\"ngg-image-0\" class=\"ngg-gallery-thumbnail-box \" >\n\t\t\t\t        <div class=\"ngg-gallery-thumbnail\">\n            <a href=\"http:\/\/parafiarussocice.pl\/wp-content\/gallery\/odpust2024\/P9292342.jpeg\"\n               title=\"\"\n               data-src=\"http:\/\/parafiarussocice.pl\/wp-content\/gallery\/odpust2024\/P9292342.jpeg\"\n               data-thumbnail=\"http:\/\/parafiarussocice.pl\/wp-content\/gallery\/odpust2024\/thumbs\/thumbs_P9292342.jpeg\"\n               data-image-id=\"2028\"\n               data-title=\"P9292342\"\n               data-description=\"\"\n               data-image-slug=\"p9292342\"\n               class=\"ngg-simplelightbox\" rel=\"3286a3dcc2fea8d6142b67a9d40e0eb2\">\n                <img\n                    title=\"P9292342\"\n                    alt=\"P9292342\"\n                    src=\"http:\/\/parafiarussocice.pl\/wp-content\/gallery\/odpust2024\/thumbs\/thumbs_P9292342.jpeg\"\n                    width=\"213\"\n                    height=\"160\"\n                    style=\"max-width:100%;\"\n                \/>\n            <\/a>\n        <\/div>\n\t\t\t\t\t\t\t<\/div> \n\t\t\t\n\t\t\t\t<div id=\"ngg-image-1\" class=\"ngg-gallery-thumbnail-box \" >\n\t\t\t\t        <div class=\"ngg-gallery-thumbnail\">\n            <a href=\"http:\/\/parafiarussocice.pl\/wp-content\/gallery\/odpust2024\/P9292305.jpeg\"\n               title=\"\"\n               data-src=\"http:\/\/parafiarussocice.pl\/wp-content\/gallery\/odpust2024\/P9292305.jpeg\"\n               data-thumbnail=\"http:\/\/parafiarussocice.pl\/wp-content\/gallery\/odpust2024\/thumbs\/thumbs_P9292305.jpeg\"\n               data-image-id=\"2034\"\n               data-title=\"P9292305\"\n               data-description=\"\"\n               data-image-slug=\"p9292305\"\n               class=\"ngg-simplelightbox\" rel=\"3286a3dcc2fea8d6142b67a9d40e0eb2\">\n                <img\n                    title=\"P9292305\"\n                    alt=\"P9292305\"\n                    src=\"http:\/\/parafiarussocice.pl\/wp-content\/gallery\/odpust2024\/thumbs\/thumbs_P9292305.jpeg\"\n                    width=\"213\"\n                    height=\"160\"\n                    style=\"max-width:100%;\"\n                \/>\n            <\/a>\n        <\/div>\n\t\t\t\t\t\t\t<\/div> \n\t\t\t\n\t\t\t\t<div id=\"ngg-image-2\" class=\"ngg-gallery-thumbnail-box \" >\n\t\t\t\t        <div class=\"ngg-gallery-thumbnail\">\n            <a href=\"http:\/\/parafiarussocice.pl\/wp-content\/gallery\/odpust2024\/P9292328.jpeg\"\n               title=\"\"\n               data-src=\"http:\/\/parafiarussocice.pl\/wp-content\/gallery\/odpust2024\/P9292328.jpeg\"\n               data-thumbnail=\"http:\/\/parafiarussocice.pl\/wp-content\/gallery\/odpust2024\/thumbs\/thumbs_P9292328.jpeg\"\n               data-image-id=\"2027\"\n               data-title=\"P9292328\"\n               data-description=\"\"\n               data-image-slug=\"p9292328\"\n               class=\"ngg-simplelightbox\" rel=\"3286a3dcc2fea8d6142b67a9d40e0eb2\">\n                <img\n                    title=\"P9292328\"\n                    alt=\"P9292328\"\n                    src=\"http:\/\/parafiarussocice.pl\/wp-content\/gallery\/odpust2024\/thumbs\/thumbs_P9292328.jpeg\"\n                    width=\"213\"\n                    height=\"160\"\n                    style=\"max-width:100%;\"\n                \/>\n            <\/a>\n        <\/div>\n\t\t\t\t\t\t\t<\/div> \n\t\t\t\n\t\t\t\t<div id=\"ngg-image-3\" class=\"ngg-gallery-thumbnail-box \" >\n\t\t\t\t        <div class=\"ngg-gallery-thumbnail\">\n            <a href=\"http:\/\/parafiarussocice.pl\/wp-content\/gallery\/odpust2024\/P9292323.jpeg\"\n               title=\"\"\n               data-src=\"http:\/\/parafiarussocice.pl\/wp-content\/gallery\/odpust2024\/P9292323.jpeg\"\n               data-thumbnail=\"http:\/\/parafiarussocice.pl\/wp-content\/gallery\/odpust2024\/thumbs\/thumbs_P9292323.jpeg\"\n               data-image-id=\"2035\"\n               data-title=\"P9292323\"\n               data-description=\"\"\n               data-image-slug=\"p9292323-1\"\n               class=\"ngg-simplelightbox\" rel=\"3286a3dcc2fea8d6142b67a9d40e0eb2\">\n                <img\n                    title=\"P9292323\"\n                    alt=\"P9292323\"\n                    src=\"http:\/\/parafiarussocice.pl\/wp-content\/gallery\/odpust2024\/thumbs\/thumbs_P9292323.jpeg\"\n                    width=\"213\"\n                    height=\"160\"\n                    style=\"max-width:100%;\"\n                \/>\n            <\/a>\n        <\/div>\n\t\t\t\t\t\t\t<\/div> \n\t\t\t\n\t\t\t\t<div id=\"ngg-image-4\" class=\"ngg-gallery-thumbnail-box \" >\n\t\t\t\t        <div class=\"ngg-gallery-thumbnail\">\n            <a href=\"http:\/\/parafiarussocice.pl\/wp-content\/gallery\/odpust2024\/P9292270.jpeg\"\n               title=\"\"\n               data-src=\"http:\/\/parafiarussocice.pl\/wp-content\/gallery\/odpust2024\/P9292270.jpeg\"\n               data-thumbnail=\"http:\/\/parafiarussocice.pl\/wp-content\/gallery\/odpust2024\/thumbs\/thumbs_P9292270.jpeg\"\n               data-image-id=\"2032\"\n               data-title=\"P9292270\"\n               data-description=\"\"\n               data-image-slug=\"p9292270\"\n               class=\"ngg-simplelightbox\" rel=\"3286a3dcc2fea8d6142b67a9d40e0eb2\">\n                <img\n                    title=\"P9292270\"\n                    alt=\"P9292270\"\n                    src=\"http:\/\/parafiarussocice.pl\/wp-content\/gallery\/odpust2024\/thumbs\/thumbs_P9292270.jpeg\"\n                    width=\"213\"\n                    height=\"160\"\n                    style=\"max-width:100%;\"\n                \/>\n            <\/a>\n        <\/div>\n\t\t\t\t\t\t\t<\/div> \n\t\t\t\n\t\t\t\t<div id=\"ngg-image-5\" class=\"ngg-gallery-thumbnail-box \" >\n\t\t\t\t        <div class=\"ngg-gallery-thumbnail\">\n            <a href=\"http:\/\/parafiarussocice.pl\/wp-content\/gallery\/odpust2024\/P9292278.jpeg\"\n               title=\"\"\n               data-src=\"http:\/\/parafiarussocice.pl\/wp-content\/gallery\/odpust2024\/P9292278.jpeg\"\n               data-thumbnail=\"http:\/\/parafiarussocice.pl\/wp-content\/gallery\/odpust2024\/thumbs\/thumbs_P9292278.jpeg\"\n               data-image-id=\"2029\"\n               data-title=\"P9292278\"\n               data-description=\"\"\n               data-image-slug=\"p9292278-1\"\n               class=\"ngg-simplelightbox\" rel=\"3286a3dcc2fea8d6142b67a9d40e0eb2\">\n                <img\n                    title=\"P9292278\"\n                    alt=\"P9292278\"\n                    src=\"http:\/\/parafiarussocice.pl\/wp-content\/gallery\/odpust2024\/thumbs\/thumbs_P9292278.jpeg\"\n                    width=\"213\"\n                    height=\"160\"\n                    style=\"max-width:100%;\"\n                \/>\n            <\/a>\n        <\/div>\n\t\t\t\t\t\t\t<\/div> \n\t\t\t\n\t\t\t\t<div id=\"ngg-image-6\" class=\"ngg-gallery-thumbnail-box \" >\n\t\t\t\t        <div class=\"ngg-gallery-thumbnail\">\n            <a href=\"http:\/\/parafiarussocice.pl\/wp-content\/gallery\/odpust2024\/P9292282.jpeg\"\n               title=\"\"\n               data-src=\"http:\/\/parafiarussocice.pl\/wp-content\/gallery\/odpust2024\/P9292282.jpeg\"\n               data-thumbnail=\"http:\/\/parafiarussocice.pl\/wp-content\/gallery\/odpust2024\/thumbs\/thumbs_P9292282.jpeg\"\n               data-image-id=\"2030\"\n               data-title=\"P9292282\"\n               data-description=\"\"\n               data-image-slug=\"p9292282\"\n               class=\"ngg-simplelightbox\" rel=\"3286a3dcc2fea8d6142b67a9d40e0eb2\">\n                <img\n                    title=\"P9292282\"\n                    alt=\"P9292282\"\n                    src=\"http:\/\/parafiarussocice.pl\/wp-content\/gallery\/odpust2024\/thumbs\/thumbs_P9292282.jpeg\"\n                    width=\"213\"\n                    height=\"160\"\n                    style=\"max-width:100%;\"\n                \/>\n            <\/a>\n        <\/div>\n\t\t\t\t\t\t\t<\/div> \n\t\t\t\n\t\t\t\t<div id=\"ngg-image-7\" class=\"ngg-gallery-thumbnail-box \" >\n\t\t\t\t        <div class=\"ngg-gallery-thumbnail\">\n            <a href=\"http:\/\/parafiarussocice.pl\/wp-content\/gallery\/odpust2024\/P9292376.jpeg\"\n               title=\"\"\n               data-src=\"http:\/\/parafiarussocice.pl\/wp-content\/gallery\/odpust2024\/P9292376.jpeg\"\n               data-thumbnail=\"http:\/\/parafiarussocice.pl\/wp-content\/gallery\/odpust2024\/thumbs\/thumbs_P9292376.jpeg\"\n               data-image-id=\"2026\"\n               data-title=\"P9292376\"\n               data-description=\"\"\n               data-image-slug=\"p9292376\"\n               class=\"ngg-simplelightbox\" rel=\"3286a3dcc2fea8d6142b67a9d40e0eb2\">\n                <img\n                    title=\"P9292376\"\n                    alt=\"P9292376\"\n                    src=\"http:\/\/parafiarussocice.pl\/wp-content\/gallery\/odpust2024\/thumbs\/thumbs_P9292376.jpeg\"\n                    width=\"213\"\n                    height=\"160\"\n                    style=\"max-width:100%;\"\n                \/>\n            <\/a>\n        <\/div>\n\t\t\t\t\t\t\t<\/div> \n\t\t\t\n\t\t\t\t<div id=\"ngg-image-8\" class=\"ngg-gallery-thumbnail-box \" >\n\t\t\t\t        <div class=\"ngg-gallery-thumbnail\">\n            <a href=\"http:\/\/parafiarussocice.pl\/wp-content\/gallery\/odpust2024\/P9292387.jpeg\"\n               title=\"\"\n               data-src=\"http:\/\/parafiarussocice.pl\/wp-content\/gallery\/odpust2024\/P9292387.jpeg\"\n               data-thumbnail=\"http:\/\/parafiarussocice.pl\/wp-content\/gallery\/odpust2024\/thumbs\/thumbs_P9292387.jpeg\"\n               data-image-id=\"2024\"\n               data-title=\"P9292387\"\n               data-description=\"\"\n               data-image-slug=\"p9292387\"\n               class=\"ngg-simplelightbox\" rel=\"3286a3dcc2fea8d6142b67a9d40e0eb2\">\n                <img\n                    title=\"P9292387\"\n                    alt=\"P9292387\"\n                    src=\"http:\/\/parafiarussocice.pl\/wp-content\/gallery\/odpust2024\/thumbs\/thumbs_P9292387.jpeg\"\n                    width=\"213\"\n                    height=\"160\"\n                    style=\"max-width:100%;\"\n                \/>\n            <\/a>\n        <\/div>\n\t\t\t\t\t\t\t<\/div> \n\t\t\t\n\t\t\t\t<div id=\"ngg-image-9\" class=\"ngg-gallery-thumbnail-box \" >\n\t\t\t\t        <div class=\"ngg-gallery-thumbnail\">\n            <a href=\"http:\/\/parafiarussocice.pl\/wp-content\/gallery\/odpust2024\/P9292521.jpeg\"\n               title=\"\"\n               data-src=\"http:\/\/parafiarussocice.pl\/wp-content\/gallery\/odpust2024\/P9292521.jpeg\"\n               data-thumbnail=\"http:\/\/parafiarussocice.pl\/wp-content\/gallery\/odpust2024\/thumbs\/thumbs_P9292521.jpeg\"\n               data-image-id=\"2025\"\n               data-title=\"P9292521\"\n               data-description=\"\"\n               data-image-slug=\"p9292521\"\n               class=\"ngg-simplelightbox\" rel=\"3286a3dcc2fea8d6142b67a9d40e0eb2\">\n                <img\n                    title=\"P9292521\"\n                    alt=\"P9292521\"\n                    src=\"http:\/\/parafiarussocice.pl\/wp-content\/gallery\/odpust2024\/thumbs\/thumbs_P9292521.jpeg\"\n                    width=\"213\"\n                    height=\"160\"\n                    style=\"max-width:100%;\"\n                \/>\n            <\/a>\n        <\/div>\n\t\t\t\t\t\t\t<\/div> \n\t\t\t\n\t\t\t\t<div id=\"ngg-image-10\" class=\"ngg-gallery-thumbnail-box \" >\n\t\t\t\t        <div class=\"ngg-gallery-thumbnail\">\n            <a href=\"http:\/\/parafiarussocice.pl\/wp-content\/gallery\/odpust2024\/P9292647.jpeg\"\n               title=\"\"\n               data-src=\"http:\/\/parafiarussocice.pl\/wp-content\/gallery\/odpust2024\/P9292647.jpeg\"\n               data-thumbnail=\"http:\/\/parafiarussocice.pl\/wp-content\/gallery\/odpust2024\/thumbs\/thumbs_P9292647.jpeg\"\n               data-image-id=\"2015\"\n               data-title=\"P9292647\"\n               data-description=\"\"\n               data-image-slug=\"p9292647\"\n               class=\"ngg-simplelightbox\" rel=\"3286a3dcc2fea8d6142b67a9d40e0eb2\">\n                <img\n                    title=\"P9292647\"\n                    alt=\"P9292647\"\n                    src=\"http:\/\/parafiarussocice.pl\/wp-content\/gallery\/odpust2024\/thumbs\/thumbs_P9292647.jpeg\"\n                    width=\"213\"\n                    height=\"160\"\n                    style=\"max-width:100%;\"\n                \/>\n            <\/a>\n        <\/div>\n\t\t\t\t\t\t\t<\/div> \n\t\t\t\n\t\t\t\t<div id=\"ngg-image-11\" class=\"ngg-gallery-thumbnail-box \" >\n\t\t\t\t        <div class=\"ngg-gallery-thumbnail\">\n            <a href=\"http:\/\/parafiarussocice.pl\/wp-content\/gallery\/odpust2024\/P9292354.jpeg\"\n               title=\"\"\n               data-src=\"http:\/\/parafiarussocice.pl\/wp-content\/gallery\/odpust2024\/P9292354.jpeg\"\n               data-thumbnail=\"http:\/\/parafiarussocice.pl\/wp-content\/gallery\/odpust2024\/thumbs\/thumbs_P9292354.jpeg\"\n               data-image-id=\"2023\"\n               data-title=\"P9292354\"\n               data-description=\"\"\n               data-image-slug=\"p9292354\"\n               class=\"ngg-simplelightbox\" rel=\"3286a3dcc2fea8d6142b67a9d40e0eb2\">\n                <img\n                    title=\"P9292354\"\n                    alt=\"P9292354\"\n                    src=\"http:\/\/parafiarussocice.pl\/wp-content\/gallery\/odpust2024\/thumbs\/thumbs_P9292354.jpeg\"\n                    width=\"213\"\n                    height=\"160\"\n                    style=\"max-width:100%;\"\n                \/>\n            <\/a>\n        <\/div>\n\t\t\t\t\t\t\t<\/div> \n\t\t\t\n\t\t\t\t<div id=\"ngg-image-12\" class=\"ngg-gallery-thumbnail-box \" >\n\t\t\t\t        <div class=\"ngg-gallery-thumbnail\">\n            <a href=\"http:\/\/parafiarussocice.pl\/wp-content\/gallery\/odpust2024\/P9292414.jpeg\"\n               title=\"\"\n               data-src=\"http:\/\/parafiarussocice.pl\/wp-content\/gallery\/odpust2024\/P9292414.jpeg\"\n               data-thumbnail=\"http:\/\/parafiarussocice.pl\/wp-content\/gallery\/odpust2024\/thumbs\/thumbs_P9292414.jpeg\"\n               data-image-id=\"2021\"\n               data-title=\"P9292414\"\n               data-description=\"\"\n               data-image-slug=\"p9292414\"\n               class=\"ngg-simplelightbox\" rel=\"3286a3dcc2fea8d6142b67a9d40e0eb2\">\n                <img\n                    title=\"P9292414\"\n                    alt=\"P9292414\"\n                    src=\"http:\/\/parafiarussocice.pl\/wp-content\/gallery\/odpust2024\/thumbs\/thumbs_P9292414.jpeg\"\n                    width=\"213\"\n                    height=\"160\"\n                    style=\"max-width:100%;\"\n                \/>\n            <\/a>\n        <\/div>\n\t\t\t\t\t\t\t<\/div> \n\t\t\t\n\t\t\t\t<div id=\"ngg-image-13\" class=\"ngg-gallery-thumbnail-box \" >\n\t\t\t\t        <div class=\"ngg-gallery-thumbnail\">\n            <a href=\"http:\/\/parafiarussocice.pl\/wp-content\/gallery\/odpust2024\/P9292615.jpeg\"\n               title=\"\"\n               data-src=\"http:\/\/parafiarussocice.pl\/wp-content\/gallery\/odpust2024\/P9292615.jpeg\"\n               data-thumbnail=\"http:\/\/parafiarussocice.pl\/wp-content\/gallery\/odpust2024\/thumbs\/thumbs_P9292615.jpeg\"\n               data-image-id=\"2020\"\n               data-title=\"P9292615\"\n               data-description=\"\"\n               data-image-slug=\"p9292615\"\n               class=\"ngg-simplelightbox\" rel=\"3286a3dcc2fea8d6142b67a9d40e0eb2\">\n                <img\n                    title=\"P9292615\"\n                    alt=\"P9292615\"\n                    src=\"http:\/\/parafiarussocice.pl\/wp-content\/gallery\/odpust2024\/thumbs\/thumbs_P9292615.jpeg\"\n                    width=\"213\"\n                    height=\"160\"\n                    style=\"max-width:100%;\"\n                \/>\n            <\/a>\n        <\/div>\n\t\t\t\t\t\t\t<\/div> \n\t\t\t\n\t\t\t\t<div id=\"ngg-image-14\" class=\"ngg-gallery-thumbnail-box \" >\n\t\t\t\t        <div class=\"ngg-gallery-thumbnail\">\n            <a href=\"http:\/\/parafiarussocice.pl\/wp-content\/gallery\/odpust2024\/P9292636.jpeg\"\n               title=\"\"\n               data-src=\"http:\/\/parafiarussocice.pl\/wp-content\/gallery\/odpust2024\/P9292636.jpeg\"\n               data-thumbnail=\"http:\/\/parafiarussocice.pl\/wp-content\/gallery\/odpust2024\/thumbs\/thumbs_P9292636.jpeg\"\n               data-image-id=\"2016\"\n               data-title=\"P9292636\"\n               data-description=\"\"\n               data-image-slug=\"p9292636\"\n               class=\"ngg-simplelightbox\" rel=\"3286a3dcc2fea8d6142b67a9d40e0eb2\">\n                <img\n                    title=\"P9292636\"\n                    alt=\"P9292636\"\n                    src=\"http:\/\/parafiarussocice.pl\/wp-content\/gallery\/odpust2024\/thumbs\/thumbs_P9292636.jpeg\"\n                    width=\"120\"\n                    height=\"160\"\n                    style=\"max-width:100%;\"\n                \/>\n            <\/a>\n        <\/div>\n\t\t\t\t\t\t\t<\/div> \n\t\t\t\n\t\t\t\t<div id=\"ngg-image-15\" class=\"ngg-gallery-thumbnail-box \" >\n\t\t\t\t        <div class=\"ngg-gallery-thumbnail\">\n            <a href=\"http:\/\/parafiarussocice.pl\/wp-content\/gallery\/odpust2024\/P9292237.jpeg\"\n               title=\"\"\n               data-src=\"http:\/\/parafiarussocice.pl\/wp-content\/gallery\/odpust2024\/P9292237.jpeg\"\n               data-thumbnail=\"http:\/\/parafiarussocice.pl\/wp-content\/gallery\/odpust2024\/thumbs\/thumbs_P9292237.jpeg\"\n               data-image-id=\"2033\"\n               data-title=\"P9292237\"\n               data-description=\"\"\n               data-image-slug=\"p9292237\"\n               class=\"ngg-simplelightbox\" rel=\"3286a3dcc2fea8d6142b67a9d40e0eb2\">\n                <img\n                    title=\"P9292237\"\n                    alt=\"P9292237\"\n                    src=\"http:\/\/parafiarussocice.pl\/wp-content\/gallery\/odpust2024\/thumbs\/thumbs_P9292237.jpeg\"\n                    width=\"213\"\n                    height=\"160\"\n                    style=\"max-width:100%;\"\n                \/>\n            <\/a>\n        <\/div>\n\t\t\t\t\t\t\t<\/div> \n\t\t\t\n\t\t\t\t<div id=\"ngg-image-16\" class=\"ngg-gallery-thumbnail-box \" >\n\t\t\t\t        <div class=\"ngg-gallery-thumbnail\">\n            <a href=\"http:\/\/parafiarussocice.pl\/wp-content\/gallery\/odpust2024\/P9292542.jpeg\"\n               title=\"\"\n               data-src=\"http:\/\/parafiarussocice.pl\/wp-content\/gallery\/odpust2024\/P9292542.jpeg\"\n               data-thumbnail=\"http:\/\/parafiarussocice.pl\/wp-content\/gallery\/odpust2024\/thumbs\/thumbs_P9292542.jpeg\"\n               data-image-id=\"2019\"\n               data-title=\"P9292542\"\n               data-description=\"\"\n               data-image-slug=\"p9292542\"\n               class=\"ngg-simplelightbox\" rel=\"3286a3dcc2fea8d6142b67a9d40e0eb2\">\n                <img\n                    title=\"P9292542\"\n                    alt=\"P9292542\"\n                    src=\"http:\/\/parafiarussocice.pl\/wp-content\/gallery\/odpust2024\/thumbs\/thumbs_P9292542.jpeg\"\n                    width=\"213\"\n                    height=\"160\"\n                    style=\"max-width:100%;\"\n                \/>\n            <\/a>\n        <\/div>\n\t\t\t\t\t\t\t<\/div> \n\t\t\t\n\t\t\t\t<div id=\"ngg-image-17\" class=\"ngg-gallery-thumbnail-box \" >\n\t\t\t\t        <div class=\"ngg-gallery-thumbnail\">\n            <a href=\"http:\/\/parafiarussocice.pl\/wp-content\/gallery\/odpust2024\/P9292594.jpeg\"\n               title=\"\"\n               data-src=\"http:\/\/parafiarussocice.pl\/wp-content\/gallery\/odpust2024\/P9292594.jpeg\"\n               data-thumbnail=\"http:\/\/parafiarussocice.pl\/wp-content\/gallery\/odpust2024\/thumbs\/thumbs_P9292594.jpeg\"\n               data-image-id=\"2018\"\n               data-title=\"P9292594\"\n               data-description=\"\"\n               data-image-slug=\"p9292594\"\n               class=\"ngg-simplelightbox\" rel=\"3286a3dcc2fea8d6142b67a9d40e0eb2\">\n                <img\n                    title=\"P9292594\"\n                    alt=\"P9292594\"\n                    src=\"http:\/\/parafiarussocice.pl\/wp-content\/gallery\/odpust2024\/thumbs\/thumbs_P9292594.jpeg\"\n                    width=\"213\"\n                    height=\"160\"\n                    style=\"max-width:100%;\"\n                \/>\n            <\/a>\n        <\/div>\n\t\t\t\t\t\t\t<\/div> \n\t\t\t\n\t\t\t\t<div id=\"ngg-image-18\" class=\"ngg-gallery-thumbnail-box \" >\n\t\t\t\t        <div class=\"ngg-gallery-thumbnail\">\n            <a href=\"http:\/\/parafiarussocice.pl\/wp-content\/gallery\/odpust2024\/P9292524.jpeg\"\n               title=\"\"\n               data-src=\"http:\/\/parafiarussocice.pl\/wp-content\/gallery\/odpust2024\/P9292524.jpeg\"\n               data-thumbnail=\"http:\/\/parafiarussocice.pl\/wp-content\/gallery\/odpust2024\/thumbs\/thumbs_P9292524.jpeg\"\n               data-image-id=\"2017\"\n               data-title=\"P9292524\"\n               data-description=\"\"\n               data-image-slug=\"p9292524\"\n               class=\"ngg-simplelightbox\" rel=\"3286a3dcc2fea8d6142b67a9d40e0eb2\">\n                <img\n                    title=\"P9292524\"\n                    alt=\"P9292524\"\n                    src=\"http:\/\/parafiarussocice.pl\/wp-content\/gallery\/odpust2024\/thumbs\/thumbs_P9292524.jpeg\"\n                    width=\"213\"\n                    height=\"160\"\n                    style=\"max-width:100%;\"\n                \/>\n            <\/a>\n        <\/div>\n\t\t\t\t\t\t\t<\/div> \n\t\t\t\n\t\n\t<br style=\"clear: both\" \/>\n\n\t\n\t\t<!-- Pagination -->\n\t<div class='ngg-clear'><\/div>\t<\/div>\n\n","protected":false},"excerpt":{"rendered":"","protected":false},"author":1,"featured_media":8171,"parent":0,"menu_order":0,"comment_status":"closed","ping_status":"closed","template":"","meta":{"ngg_post_thumbnail":0},"_links":{"self":[{"href":"http:\/\/parafiarussocice.pl\/index.php\/wp-json\/wp\/v2\/pages\/8150"}],"collection":[{"href":"http:\/\/parafiarussocice.pl\/index.php\/wp-json\/wp\/v2\/pages"}],"about":[{"href":"http:\/\/parafiarussocice.pl\/index.php\/wp-json\/wp\/v2\/types\/page"}],"author":[{"embeddable":true,"href":"http:\/\/parafiarussocice.pl\/index.php\/wp-json\/wp\/v2\/users\/1"}],"replies":[{"embeddable":true,"href":"http:\/\/parafiarussocice.pl\/index.php\/wp-json\/wp\/v2\/comments?post=8150"}],"version-history":[{"count":1,"href":"http:\/\/parafiarussocice.pl\/index.php\/wp-json\/wp\/v2\/pages\/8150\/revisions"}],"predecessor-version":[{"id":8174,"href":"http:\/\/parafiarussocice.pl\/index.php\/wp-json\/wp\/v2\/pages\/8150\/revisions\/8174"}],"wp:featuredmedia":[{"embeddable":true,"href":"http:\/\/parafiarussocice.pl\/index.php\/wp-json\/wp\/v2\/media\/8171"}],"wp:attachment":[{"href":"http:\/\/parafiarussocice.pl\/index.php\/wp-json\/wp\/v2\/media?parent=8150"}],"curies":[{"name":"wp","href":"https:\/\/api.w.org\/{rel}","templated":true}]}}