{"id":6511,"date":"2021-08-30T06:56:25","date_gmt":"2021-08-30T06:56:25","guid":{"rendered":"http:\/\/parafiarussocice.pl\/?page_id=6511"},"modified":"2021-08-30T06:56:25","modified_gmt":"2021-08-30T06:56:25","slug":"pozegnanie-ks-mariusza","status":"publish","type":"page","link":"http:\/\/parafiarussocice.pl\/index.php\/pozegnanie-ks-mariusza\/","title":{"rendered":"Po\u017cegnanie ks. Mariusza"},"content":{"rendered":"<p style=\"text-align: justify;\">&nbsp;&nbsp;&nbsp;&nbsp; W dniu 29 sierpnia po\u017cegnali\u015bmy ks. Mariusza Budkiewicza, naszego wikariusza. Ks. Mariusz pos\u0142ugiwa\u0142 w naszej parafii od pocz\u0105tku lipca 2020 roku. Decyzj\u0105 ks. Biskupa Ordynariusza, z dniem 1. wrze\u015bnia skierowany zosta\u0142 do parafii Podwy\u017cszenia Krzy\u017ca \u015awi\u0119tego w Kole. Dzi\u0119kujemy, ksi\u0119\u017ce Mariuszu za Twoj\u0105 pos\u0142ug\u0119 duszpastersk\u0105, za wyg\u0142oszone kazania, odprawione Msze \u015aw., za modlitwy zanoszone za nas do Boga. Niech hojny Pan wszystko Ksi\u0119dzu wynagrodzi, we wszystkim b\u0142ogos\u0142awi i szczodrze obdarowuje wszelkimi \u0142askami, a ludzka \u017cyczliwo\u015b\u0107 towarzyszy w ka\u017cdym dniu dalszej pracy kap\u0142a\u0144skiej.<\/p>\n<!-- default-view.php -->\n<div\n\tclass=\"ngg-galleryoverview default-view \"\n\tid=\"ngg-gallery-a19e8b71f771535a54f6b01d532d378f-1\">\n\n\t\t<!-- Thumbnails -->\n\t\t\t\t<div id=\"ngg-image-0\" class=\"ngg-gallery-thumbnail-box \" >\n\t\t\t\t        <div class=\"ngg-gallery-thumbnail\">\n            <a href=\"http:\/\/parafiarussocice.pl\/wp-content\/gallery\/pozegnanie-ks-mariusza\/IMG_20210829_125247971.jpg\"\n               title=\"\"\n               data-src=\"http:\/\/parafiarussocice.pl\/wp-content\/gallery\/pozegnanie-ks-mariusza\/IMG_20210829_125247971.jpg\"\n               data-thumbnail=\"http:\/\/parafiarussocice.pl\/wp-content\/gallery\/pozegnanie-ks-mariusza\/thumbs\/thumbs_IMG_20210829_125247971.jpg\"\n               data-image-id=\"1316\"\n               data-title=\"IMG_20210829_125247971\"\n               data-description=\"\"\n               data-image-slug=\"img_20210829_125247971\"\n               class=\"ngg-simplelightbox\" rel=\"a19e8b71f771535a54f6b01d532d378f\">\n                <img\n                    title=\"IMG_20210829_125247971\"\n                    alt=\"IMG_20210829_125247971\"\n                    src=\"http:\/\/parafiarussocice.pl\/wp-content\/gallery\/pozegnanie-ks-mariusza\/thumbs\/thumbs_IMG_20210829_125247971.jpg\"\n                    width=\"240\"\n                    height=\"160\"\n                    style=\"max-width:100%;\"\n                \/>\n            <\/a>\n        <\/div>\n\t\t\t\t\t\t\t<\/div> \n\t\t\t\n\t\t\t\t<div id=\"ngg-image-1\" class=\"ngg-gallery-thumbnail-box \" >\n\t\t\t\t        <div class=\"ngg-gallery-thumbnail\">\n            <a href=\"http:\/\/parafiarussocice.pl\/wp-content\/gallery\/pozegnanie-ks-mariusza\/IMG_20210829_125312465.jpg\"\n               title=\"\"\n               data-src=\"http:\/\/parafiarussocice.pl\/wp-content\/gallery\/pozegnanie-ks-mariusza\/IMG_20210829_125312465.jpg\"\n               data-thumbnail=\"http:\/\/parafiarussocice.pl\/wp-content\/gallery\/pozegnanie-ks-mariusza\/thumbs\/thumbs_IMG_20210829_125312465.jpg\"\n               data-image-id=\"1317\"\n               data-title=\"IMG_20210829_125312465\"\n               data-description=\"\"\n               data-image-slug=\"img_20210829_125312465\"\n               class=\"ngg-simplelightbox\" rel=\"a19e8b71f771535a54f6b01d532d378f\">\n                <img\n                    title=\"IMG_20210829_125312465\"\n                    alt=\"IMG_20210829_125312465\"\n                    src=\"http:\/\/parafiarussocice.pl\/wp-content\/gallery\/pozegnanie-ks-mariusza\/thumbs\/thumbs_IMG_20210829_125312465.jpg\"\n                    width=\"240\"\n                    height=\"160\"\n                    style=\"max-width:100%;\"\n                \/>\n            <\/a>\n        <\/div>\n\t\t\t\t\t\t\t<\/div> \n\t\t\t\n\t\t\t\t<div id=\"ngg-image-2\" class=\"ngg-gallery-thumbnail-box \" >\n\t\t\t\t        <div class=\"ngg-gallery-thumbnail\">\n            <a href=\"http:\/\/parafiarussocice.pl\/wp-content\/gallery\/pozegnanie-ks-mariusza\/IMG_20210829_125404866.jpg\"\n               title=\"\"\n               data-src=\"http:\/\/parafiarussocice.pl\/wp-content\/gallery\/pozegnanie-ks-mariusza\/IMG_20210829_125404866.jpg\"\n               data-thumbnail=\"http:\/\/parafiarussocice.pl\/wp-content\/gallery\/pozegnanie-ks-mariusza\/thumbs\/thumbs_IMG_20210829_125404866.jpg\"\n               data-image-id=\"1318\"\n               data-title=\"IMG_20210829_125404866\"\n               data-description=\"\"\n               data-image-slug=\"img_20210829_125404866\"\n               class=\"ngg-simplelightbox\" rel=\"a19e8b71f771535a54f6b01d532d378f\">\n                <img\n                    title=\"IMG_20210829_125404866\"\n                    alt=\"IMG_20210829_125404866\"\n                    src=\"http:\/\/parafiarussocice.pl\/wp-content\/gallery\/pozegnanie-ks-mariusza\/thumbs\/thumbs_IMG_20210829_125404866.jpg\"\n                    width=\"240\"\n                    height=\"160\"\n                    style=\"max-width:100%;\"\n                \/>\n            <\/a>\n        <\/div>\n\t\t\t\t\t\t\t<\/div> \n\t\t\t\n\t\t\t\t<div id=\"ngg-image-3\" class=\"ngg-gallery-thumbnail-box \" >\n\t\t\t\t        <div class=\"ngg-gallery-thumbnail\">\n            <a href=\"http:\/\/parafiarussocice.pl\/wp-content\/gallery\/pozegnanie-ks-mariusza\/IMG_20210829_125532122.jpg\"\n               title=\"\"\n               data-src=\"http:\/\/parafiarussocice.pl\/wp-content\/gallery\/pozegnanie-ks-mariusza\/IMG_20210829_125532122.jpg\"\n               data-thumbnail=\"http:\/\/parafiarussocice.pl\/wp-content\/gallery\/pozegnanie-ks-mariusza\/thumbs\/thumbs_IMG_20210829_125532122.jpg\"\n               data-image-id=\"1319\"\n               data-title=\"IMG_20210829_125532122\"\n               data-description=\"\"\n               data-image-slug=\"img_20210829_125532122\"\n               class=\"ngg-simplelightbox\" rel=\"a19e8b71f771535a54f6b01d532d378f\">\n                <img\n                    title=\"IMG_20210829_125532122\"\n                    alt=\"IMG_20210829_125532122\"\n                    src=\"http:\/\/parafiarussocice.pl\/wp-content\/gallery\/pozegnanie-ks-mariusza\/thumbs\/thumbs_IMG_20210829_125532122.jpg\"\n                    width=\"240\"\n                    height=\"160\"\n                    style=\"max-width:100%;\"\n                \/>\n            <\/a>\n        <\/div>\n\t\t\t\t\t\t\t<\/div> \n\t\t\t\n\t\t\t\t<div id=\"ngg-image-4\" class=\"ngg-gallery-thumbnail-box \" >\n\t\t\t\t        <div class=\"ngg-gallery-thumbnail\">\n            <a href=\"http:\/\/parafiarussocice.pl\/wp-content\/gallery\/pozegnanie-ks-mariusza\/IMG_20210829_125607107.jpg\"\n               title=\"\"\n               data-src=\"http:\/\/parafiarussocice.pl\/wp-content\/gallery\/pozegnanie-ks-mariusza\/IMG_20210829_125607107.jpg\"\n               data-thumbnail=\"http:\/\/parafiarussocice.pl\/wp-content\/gallery\/pozegnanie-ks-mariusza\/thumbs\/thumbs_IMG_20210829_125607107.jpg\"\n               data-image-id=\"1320\"\n               data-title=\"IMG_20210829_125607107\"\n               data-description=\"\"\n               data-image-slug=\"img_20210829_125607107\"\n               class=\"ngg-simplelightbox\" rel=\"a19e8b71f771535a54f6b01d532d378f\">\n                <img\n                    title=\"IMG_20210829_125607107\"\n                    alt=\"IMG_20210829_125607107\"\n                    src=\"http:\/\/parafiarussocice.pl\/wp-content\/gallery\/pozegnanie-ks-mariusza\/thumbs\/thumbs_IMG_20210829_125607107.jpg\"\n                    width=\"240\"\n                    height=\"160\"\n                    style=\"max-width:100%;\"\n                \/>\n            <\/a>\n        <\/div>\n\t\t\t\t\t\t\t<\/div> \n\t\t\t\n\t\t\t\t<div id=\"ngg-image-5\" class=\"ngg-gallery-thumbnail-box \" >\n\t\t\t\t        <div class=\"ngg-gallery-thumbnail\">\n            <a href=\"http:\/\/parafiarussocice.pl\/wp-content\/gallery\/pozegnanie-ks-mariusza\/IMG_20210829_125625431.jpg\"\n               title=\"\"\n               data-src=\"http:\/\/parafiarussocice.pl\/wp-content\/gallery\/pozegnanie-ks-mariusza\/IMG_20210829_125625431.jpg\"\n               data-thumbnail=\"http:\/\/parafiarussocice.pl\/wp-content\/gallery\/pozegnanie-ks-mariusza\/thumbs\/thumbs_IMG_20210829_125625431.jpg\"\n               data-image-id=\"1321\"\n               data-title=\"IMG_20210829_125625431\"\n               data-description=\"\"\n               data-image-slug=\"img_20210829_125625431\"\n               class=\"ngg-simplelightbox\" rel=\"a19e8b71f771535a54f6b01d532d378f\">\n                <img\n                    title=\"IMG_20210829_125625431\"\n                    alt=\"IMG_20210829_125625431\"\n                    src=\"http:\/\/parafiarussocice.pl\/wp-content\/gallery\/pozegnanie-ks-mariusza\/thumbs\/thumbs_IMG_20210829_125625431.jpg\"\n                    width=\"240\"\n                    height=\"160\"\n                    style=\"max-width:100%;\"\n                \/>\n            <\/a>\n        <\/div>\n\t\t\t\t\t\t\t<\/div> \n\t\t\t\n\t\t\t\t<div id=\"ngg-image-6\" class=\"ngg-gallery-thumbnail-box \" >\n\t\t\t\t        <div class=\"ngg-gallery-thumbnail\">\n            <a href=\"http:\/\/parafiarussocice.pl\/wp-content\/gallery\/pozegnanie-ks-mariusza\/IMG_20210829_125631249.jpg\"\n               title=\"\"\n               data-src=\"http:\/\/parafiarussocice.pl\/wp-content\/gallery\/pozegnanie-ks-mariusza\/IMG_20210829_125631249.jpg\"\n               data-thumbnail=\"http:\/\/parafiarussocice.pl\/wp-content\/gallery\/pozegnanie-ks-mariusza\/thumbs\/thumbs_IMG_20210829_125631249.jpg\"\n               data-image-id=\"1322\"\n               data-title=\"IMG_20210829_125631249\"\n               data-description=\"\"\n               data-image-slug=\"img_20210829_125631249\"\n               class=\"ngg-simplelightbox\" rel=\"a19e8b71f771535a54f6b01d532d378f\">\n                <img\n                    title=\"IMG_20210829_125631249\"\n                    alt=\"IMG_20210829_125631249\"\n                    src=\"http:\/\/parafiarussocice.pl\/wp-content\/gallery\/pozegnanie-ks-mariusza\/thumbs\/thumbs_IMG_20210829_125631249.jpg\"\n                    width=\"240\"\n                    height=\"160\"\n                    style=\"max-width:100%;\"\n                \/>\n            <\/a>\n        <\/div>\n\t\t\t\t\t\t\t<\/div> \n\t\t\t\n\t\n\t<br style=\"clear: both\" \/>\n\n\t\n\t\t<!-- Pagination -->\n\t<div class='ngg-clear'><\/div>\t<\/div>\n\n","protected":false},"excerpt":{"rendered":"<p>&nbsp;&nbsp;&nbsp;&nbsp; W dniu 29 sierpnia po\u017cegnali\u015bmy ks. Mariusza Budkiewicza, naszego wikariusza. Ks. Mariusz pos\u0142ugiwa\u0142 w naszej parafii od pocz\u0105tku lipca 2020 roku. Decyzj\u0105 ks. Biskupa Ordynariusza, z dniem 1. wrze\u015bnia skierowany zosta\u0142 do parafii Podwy\u017cszenia Krzy\u017ca \u015awi\u0119tego w Kole. Dzi\u0119kujemy, ksi\u0119\u017ce Mariuszu za Twoj\u0105 pos\u0142ug\u0119 duszpastersk\u0105, za wyg\u0142oszone kazania, odprawione Msze \u015aw., za modlitwy zanoszone &hellip; <a href=\"http:\/\/parafiarussocice.pl\/index.php\/pozegnanie-ks-mariusza\/\" class=\"more-link\">Czytaj dalej <span class=\"screen-reader-text\">Po\u017cegnanie ks. Mariusza<\/span><\/a><\/p>\n","protected":false},"author":1,"featured_media":6513,"parent":0,"menu_order":0,"comment_status":"closed","ping_status":"closed","template":"","meta":{"ngg_post_thumbnail":0},"_links":{"self":[{"href":"http:\/\/parafiarussocice.pl\/index.php\/wp-json\/wp\/v2\/pages\/6511"}],"collection":[{"href":"http:\/\/parafiarussocice.pl\/index.php\/wp-json\/wp\/v2\/pages"}],"about":[{"href":"http:\/\/parafiarussocice.pl\/index.php\/wp-json\/wp\/v2\/types\/page"}],"author":[{"embeddable":true,"href":"http:\/\/parafiarussocice.pl\/index.php\/wp-json\/wp\/v2\/users\/1"}],"replies":[{"embeddable":true,"href":"http:\/\/parafiarussocice.pl\/index.php\/wp-json\/wp\/v2\/comments?post=6511"}],"version-history":[{"count":1,"href":"http:\/\/parafiarussocice.pl\/index.php\/wp-json\/wp\/v2\/pages\/6511\/revisions"}],"predecessor-version":[{"id":6524,"href":"http:\/\/parafiarussocice.pl\/index.php\/wp-json\/wp\/v2\/pages\/6511\/revisions\/6524"}],"wp:featuredmedia":[{"embeddable":true,"href":"http:\/\/parafiarussocice.pl\/index.php\/wp-json\/wp\/v2\/media\/6513"}],"wp:attachment":[{"href":"http:\/\/parafiarussocice.pl\/index.php\/wp-json\/wp\/v2\/media?parent=6511"}],"curies":[{"name":"wp","href":"https:\/\/api.w.org\/{rel}","templated":true}]}}