{"id":6316,"date":"2021-05-09T18:59:02","date_gmt":"2021-05-09T18:59:02","guid":{"rendered":"http:\/\/parafiarussocice.pl\/?page_id=6316"},"modified":"2021-05-09T19:00:04","modified_gmt":"2021-05-09T19:00:04","slug":"4-v-2021-sw-floriana-patrona-strazakow","status":"publish","type":"page","link":"http:\/\/parafiarussocice.pl\/index.php\/4-v-2021-sw-floriana-patrona-strazakow\/","title":{"rendered":"4 V 2021 &#8211; \u015bw. Floriana, patrona Stra\u017cak\u00f3w"},"content":{"rendered":"<!-- default-view.php -->\n<div\n\tclass=\"ngg-galleryoverview default-view \"\n\tid=\"ngg-gallery-150bb2685f9c12bc050748f01af08a5e-1\">\n\n\t\t<!-- Thumbnails -->\n\t\t\t\t<div id=\"ngg-image-0\" class=\"ngg-gallery-thumbnail-box \" >\n\t\t\t\t        <div class=\"ngg-gallery-thumbnail\">\n            <a href=\"http:\/\/parafiarussocice.pl\/wp-content\/gallery\/4-v-2021\/P1010024.jpeg\"\n               title=\"OLYMPUS DIGITAL CAMERA\"\n               data-src=\"http:\/\/parafiarussocice.pl\/wp-content\/gallery\/4-v-2021\/P1010024.jpeg\"\n               data-thumbnail=\"http:\/\/parafiarussocice.pl\/wp-content\/gallery\/4-v-2021\/thumbs\/thumbs_P1010024.jpeg\"\n               data-image-id=\"1167\"\n               data-title=\"OLYMPUS DIGITAL CAMERA\"\n               data-description=\"OLYMPUS DIGITAL CAMERA\"\n               data-image-slug=\"p1010024\"\n               class=\"ngg-simplelightbox\" rel=\"150bb2685f9c12bc050748f01af08a5e\">\n                <img\n                    title=\"OLYMPUS DIGITAL CAMERA\"\n                    alt=\"OLYMPUS DIGITAL CAMERA\"\n                    src=\"http:\/\/parafiarussocice.pl\/wp-content\/gallery\/4-v-2021\/thumbs\/thumbs_P1010024.jpeg\"\n                    width=\"240\"\n                    height=\"160\"\n                    style=\"max-width:100%;\"\n                \/>\n            <\/a>\n        <\/div>\n\t\t\t\t\t\t\t<\/div> \n\t\t\t\n\t\t\t\t<div id=\"ngg-image-1\" class=\"ngg-gallery-thumbnail-box \" >\n\t\t\t\t        <div class=\"ngg-gallery-thumbnail\">\n            <a href=\"http:\/\/parafiarussocice.pl\/wp-content\/gallery\/4-v-2021\/P5041062.jpeg\"\n               title=\"\"\n               data-src=\"http:\/\/parafiarussocice.pl\/wp-content\/gallery\/4-v-2021\/P5041062.jpeg\"\n               data-thumbnail=\"http:\/\/parafiarussocice.pl\/wp-content\/gallery\/4-v-2021\/thumbs\/thumbs_P5041062.jpeg\"\n               data-image-id=\"1171\"\n               data-title=\"P5041062\"\n               data-description=\"\"\n               data-image-slug=\"p5041062\"\n               class=\"ngg-simplelightbox\" rel=\"150bb2685f9c12bc050748f01af08a5e\">\n                <img\n                    title=\"P5041062\"\n                    alt=\"P5041062\"\n                    src=\"http:\/\/parafiarussocice.pl\/wp-content\/gallery\/4-v-2021\/thumbs\/thumbs_P5041062.jpeg\"\n                    width=\"240\"\n                    height=\"160\"\n                    style=\"max-width:100%;\"\n                \/>\n            <\/a>\n        <\/div>\n\t\t\t\t\t\t\t<\/div> \n\t\t\t\n\t\t\t\t<div id=\"ngg-image-2\" class=\"ngg-gallery-thumbnail-box \" >\n\t\t\t\t        <div class=\"ngg-gallery-thumbnail\">\n            <a href=\"http:\/\/parafiarussocice.pl\/wp-content\/gallery\/4-v-2021\/P5041146.jpeg\"\n               title=\"\"\n               data-src=\"http:\/\/parafiarussocice.pl\/wp-content\/gallery\/4-v-2021\/P5041146.jpeg\"\n               data-thumbnail=\"http:\/\/parafiarussocice.pl\/wp-content\/gallery\/4-v-2021\/thumbs\/thumbs_P5041146.jpeg\"\n               data-image-id=\"1181\"\n               data-title=\"P5041146\"\n               data-description=\"\"\n               data-image-slug=\"p5041146\"\n               class=\"ngg-simplelightbox\" rel=\"150bb2685f9c12bc050748f01af08a5e\">\n                <img\n                    title=\"P5041146\"\n                    alt=\"P5041146\"\n                    src=\"http:\/\/parafiarussocice.pl\/wp-content\/gallery\/4-v-2021\/thumbs\/thumbs_P5041146.jpeg\"\n                    width=\"240\"\n                    height=\"160\"\n                    style=\"max-width:100%;\"\n                \/>\n            <\/a>\n        <\/div>\n\t\t\t\t\t\t\t<\/div> \n\t\t\t\n\t\t\t\t<div id=\"ngg-image-3\" class=\"ngg-gallery-thumbnail-box \" >\n\t\t\t\t        <div class=\"ngg-gallery-thumbnail\">\n            <a href=\"http:\/\/parafiarussocice.pl\/wp-content\/gallery\/4-v-2021\/P5041190.jpeg\"\n               title=\"\"\n               data-src=\"http:\/\/parafiarussocice.pl\/wp-content\/gallery\/4-v-2021\/P5041190.jpeg\"\n               data-thumbnail=\"http:\/\/parafiarussocice.pl\/wp-content\/gallery\/4-v-2021\/thumbs\/thumbs_P5041190.jpeg\"\n               data-image-id=\"1183\"\n               data-title=\"P5041190\"\n               data-description=\"\"\n               data-image-slug=\"p5041190\"\n               class=\"ngg-simplelightbox\" rel=\"150bb2685f9c12bc050748f01af08a5e\">\n                <img\n                    title=\"P5041190\"\n                    alt=\"P5041190\"\n                    src=\"http:\/\/parafiarussocice.pl\/wp-content\/gallery\/4-v-2021\/thumbs\/thumbs_P5041190.jpeg\"\n                    width=\"240\"\n                    height=\"160\"\n                    style=\"max-width:100%;\"\n                \/>\n            <\/a>\n        <\/div>\n\t\t\t\t\t\t\t<\/div> \n\t\t\t\n\t\t\t\t<div id=\"ngg-image-4\" class=\"ngg-gallery-thumbnail-box \" >\n\t\t\t\t        <div class=\"ngg-gallery-thumbnail\">\n            <a href=\"http:\/\/parafiarussocice.pl\/wp-content\/gallery\/4-v-2021\/P5041079.jpeg\"\n               title=\"\"\n               data-src=\"http:\/\/parafiarussocice.pl\/wp-content\/gallery\/4-v-2021\/P5041079.jpeg\"\n               data-thumbnail=\"http:\/\/parafiarussocice.pl\/wp-content\/gallery\/4-v-2021\/thumbs\/thumbs_P5041079.jpeg\"\n               data-image-id=\"1177\"\n               data-title=\"P5041079\"\n               data-description=\"\"\n               data-image-slug=\"p5041079\"\n               class=\"ngg-simplelightbox\" rel=\"150bb2685f9c12bc050748f01af08a5e\">\n                <img\n                    title=\"P5041079\"\n                    alt=\"P5041079\"\n                    src=\"http:\/\/parafiarussocice.pl\/wp-content\/gallery\/4-v-2021\/thumbs\/thumbs_P5041079.jpeg\"\n                    width=\"240\"\n                    height=\"160\"\n                    style=\"max-width:100%;\"\n                \/>\n            <\/a>\n        <\/div>\n\t\t\t\t\t\t\t<\/div> \n\t\t\t\n\t\t\t\t<div id=\"ngg-image-5\" class=\"ngg-gallery-thumbnail-box \" >\n\t\t\t\t        <div class=\"ngg-gallery-thumbnail\">\n            <a href=\"http:\/\/parafiarussocice.pl\/wp-content\/gallery\/4-v-2021\/P5041188.jpeg\"\n               title=\"\"\n               data-src=\"http:\/\/parafiarussocice.pl\/wp-content\/gallery\/4-v-2021\/P5041188.jpeg\"\n               data-thumbnail=\"http:\/\/parafiarussocice.pl\/wp-content\/gallery\/4-v-2021\/thumbs\/thumbs_P5041188.jpeg\"\n               data-image-id=\"1182\"\n               data-title=\"P5041188\"\n               data-description=\"\"\n               data-image-slug=\"p5041188\"\n               class=\"ngg-simplelightbox\" rel=\"150bb2685f9c12bc050748f01af08a5e\">\n                <img\n                    title=\"P5041188\"\n                    alt=\"P5041188\"\n                    src=\"http:\/\/parafiarussocice.pl\/wp-content\/gallery\/4-v-2021\/thumbs\/thumbs_P5041188.jpeg\"\n                    width=\"240\"\n                    height=\"160\"\n                    style=\"max-width:100%;\"\n                \/>\n            <\/a>\n        <\/div>\n\t\t\t\t\t\t\t<\/div> \n\t\t\t\n\t\t\t\t<div id=\"ngg-image-6\" class=\"ngg-gallery-thumbnail-box \" >\n\t\t\t\t        <div class=\"ngg-gallery-thumbnail\">\n            <a href=\"http:\/\/parafiarussocice.pl\/wp-content\/gallery\/4-v-2021\/P5041073.jpeg\"\n               title=\"\"\n               data-src=\"http:\/\/parafiarussocice.pl\/wp-content\/gallery\/4-v-2021\/P5041073.jpeg\"\n               data-thumbnail=\"http:\/\/parafiarussocice.pl\/wp-content\/gallery\/4-v-2021\/thumbs\/thumbs_P5041073.jpeg\"\n               data-image-id=\"1174\"\n               data-title=\"P5041073\"\n               data-description=\"\"\n               data-image-slug=\"p5041073\"\n               class=\"ngg-simplelightbox\" rel=\"150bb2685f9c12bc050748f01af08a5e\">\n                <img\n                    title=\"P5041073\"\n                    alt=\"P5041073\"\n                    src=\"http:\/\/parafiarussocice.pl\/wp-content\/gallery\/4-v-2021\/thumbs\/thumbs_P5041073.jpeg\"\n                    width=\"240\"\n                    height=\"160\"\n                    style=\"max-width:100%;\"\n                \/>\n            <\/a>\n        <\/div>\n\t\t\t\t\t\t\t<\/div> \n\t\t\t\n\t\t\t\t<div id=\"ngg-image-7\" class=\"ngg-gallery-thumbnail-box \" >\n\t\t\t\t        <div class=\"ngg-gallery-thumbnail\">\n            <a href=\"http:\/\/parafiarussocice.pl\/wp-content\/gallery\/4-v-2021\/P5041068.jpeg\"\n               title=\"\"\n               data-src=\"http:\/\/parafiarussocice.pl\/wp-content\/gallery\/4-v-2021\/P5041068.jpeg\"\n               data-thumbnail=\"http:\/\/parafiarussocice.pl\/wp-content\/gallery\/4-v-2021\/thumbs\/thumbs_P5041068.jpeg\"\n               data-image-id=\"1172\"\n               data-title=\"P5041068\"\n               data-description=\"\"\n               data-image-slug=\"p5041068\"\n               class=\"ngg-simplelightbox\" rel=\"150bb2685f9c12bc050748f01af08a5e\">\n                <img\n                    title=\"P5041068\"\n                    alt=\"P5041068\"\n                    src=\"http:\/\/parafiarussocice.pl\/wp-content\/gallery\/4-v-2021\/thumbs\/thumbs_P5041068.jpeg\"\n                    width=\"240\"\n                    height=\"160\"\n                    style=\"max-width:100%;\"\n                \/>\n            <\/a>\n        <\/div>\n\t\t\t\t\t\t\t<\/div> \n\t\t\t\n\t\t\t\t<div id=\"ngg-image-8\" class=\"ngg-gallery-thumbnail-box \" >\n\t\t\t\t        <div class=\"ngg-gallery-thumbnail\">\n            <a href=\"http:\/\/parafiarussocice.pl\/wp-content\/gallery\/4-v-2021\/P5041100.jpeg\"\n               title=\"\"\n               data-src=\"http:\/\/parafiarussocice.pl\/wp-content\/gallery\/4-v-2021\/P5041100.jpeg\"\n               data-thumbnail=\"http:\/\/parafiarussocice.pl\/wp-content\/gallery\/4-v-2021\/thumbs\/thumbs_P5041100.jpeg\"\n               data-image-id=\"1178\"\n               data-title=\"P5041100\"\n               data-description=\"\"\n               data-image-slug=\"p5041100\"\n               class=\"ngg-simplelightbox\" rel=\"150bb2685f9c12bc050748f01af08a5e\">\n                <img\n                    title=\"P5041100\"\n                    alt=\"P5041100\"\n                    src=\"http:\/\/parafiarussocice.pl\/wp-content\/gallery\/4-v-2021\/thumbs\/thumbs_P5041100.jpeg\"\n                    width=\"240\"\n                    height=\"160\"\n                    style=\"max-width:100%;\"\n                \/>\n            <\/a>\n        <\/div>\n\t\t\t\t\t\t\t<\/div> \n\t\t\t\n\t\t\t\t<div id=\"ngg-image-9\" class=\"ngg-gallery-thumbnail-box \" >\n\t\t\t\t        <div class=\"ngg-gallery-thumbnail\">\n            <a href=\"http:\/\/parafiarussocice.pl\/wp-content\/gallery\/4-v-2021\/P5041069.jpeg\"\n               title=\"\"\n               data-src=\"http:\/\/parafiarussocice.pl\/wp-content\/gallery\/4-v-2021\/P5041069.jpeg\"\n               data-thumbnail=\"http:\/\/parafiarussocice.pl\/wp-content\/gallery\/4-v-2021\/thumbs\/thumbs_P5041069.jpeg\"\n               data-image-id=\"1173\"\n               data-title=\"P5041069\"\n               data-description=\"\"\n               data-image-slug=\"p5041069\"\n               class=\"ngg-simplelightbox\" rel=\"150bb2685f9c12bc050748f01af08a5e\">\n                <img\n                    title=\"P5041069\"\n                    alt=\"P5041069\"\n                    src=\"http:\/\/parafiarussocice.pl\/wp-content\/gallery\/4-v-2021\/thumbs\/thumbs_P5041069.jpeg\"\n                    width=\"240\"\n                    height=\"160\"\n                    style=\"max-width:100%;\"\n                \/>\n            <\/a>\n        <\/div>\n\t\t\t\t\t\t\t<\/div> \n\t\t\t\n\t\t\t\t<div id=\"ngg-image-10\" class=\"ngg-gallery-thumbnail-box \" >\n\t\t\t\t        <div class=\"ngg-gallery-thumbnail\">\n            <a href=\"http:\/\/parafiarussocice.pl\/wp-content\/gallery\/4-v-2021\/P5041076.jpeg\"\n               title=\"\"\n               data-src=\"http:\/\/parafiarussocice.pl\/wp-content\/gallery\/4-v-2021\/P5041076.jpeg\"\n               data-thumbnail=\"http:\/\/parafiarussocice.pl\/wp-content\/gallery\/4-v-2021\/thumbs\/thumbs_P5041076.jpeg\"\n               data-image-id=\"1175\"\n               data-title=\"P5041076\"\n               data-description=\"\"\n               data-image-slug=\"p5041076\"\n               class=\"ngg-simplelightbox\" rel=\"150bb2685f9c12bc050748f01af08a5e\">\n                <img\n                    title=\"P5041076\"\n                    alt=\"P5041076\"\n                    src=\"http:\/\/parafiarussocice.pl\/wp-content\/gallery\/4-v-2021\/thumbs\/thumbs_P5041076.jpeg\"\n                    width=\"240\"\n                    height=\"160\"\n                    style=\"max-width:100%;\"\n                \/>\n            <\/a>\n        <\/div>\n\t\t\t\t\t\t\t<\/div> \n\t\t\t\n\t\t\t\t<div id=\"ngg-image-11\" class=\"ngg-gallery-thumbnail-box \" >\n\t\t\t\t        <div class=\"ngg-gallery-thumbnail\">\n            <a href=\"http:\/\/parafiarussocice.pl\/wp-content\/gallery\/4-v-2021\/P5041077.jpeg\"\n               title=\"\"\n               data-src=\"http:\/\/parafiarussocice.pl\/wp-content\/gallery\/4-v-2021\/P5041077.jpeg\"\n               data-thumbnail=\"http:\/\/parafiarussocice.pl\/wp-content\/gallery\/4-v-2021\/thumbs\/thumbs_P5041077.jpeg\"\n               data-image-id=\"1176\"\n               data-title=\"P5041077\"\n               data-description=\"\"\n               data-image-slug=\"p5041077\"\n               class=\"ngg-simplelightbox\" rel=\"150bb2685f9c12bc050748f01af08a5e\">\n                <img\n                    title=\"P5041077\"\n                    alt=\"P5041077\"\n                    src=\"http:\/\/parafiarussocice.pl\/wp-content\/gallery\/4-v-2021\/thumbs\/thumbs_P5041077.jpeg\"\n                    width=\"240\"\n                    height=\"160\"\n                    style=\"max-width:100%;\"\n                \/>\n            <\/a>\n        <\/div>\n\t\t\t\t\t\t\t<\/div> \n\t\t\t\n\t\t\t\t<div id=\"ngg-image-12\" class=\"ngg-gallery-thumbnail-box \" >\n\t\t\t\t        <div class=\"ngg-gallery-thumbnail\">\n            <a href=\"http:\/\/parafiarussocice.pl\/wp-content\/gallery\/4-v-2021\/P5041108.jpeg\"\n               title=\"\"\n               data-src=\"http:\/\/parafiarussocice.pl\/wp-content\/gallery\/4-v-2021\/P5041108.jpeg\"\n               data-thumbnail=\"http:\/\/parafiarussocice.pl\/wp-content\/gallery\/4-v-2021\/thumbs\/thumbs_P5041108.jpeg\"\n               data-image-id=\"1179\"\n               data-title=\"P5041108\"\n               data-description=\"\"\n               data-image-slug=\"p5041108\"\n               class=\"ngg-simplelightbox\" rel=\"150bb2685f9c12bc050748f01af08a5e\">\n                <img\n                    title=\"P5041108\"\n                    alt=\"P5041108\"\n                    src=\"http:\/\/parafiarussocice.pl\/wp-content\/gallery\/4-v-2021\/thumbs\/thumbs_P5041108.jpeg\"\n                    width=\"240\"\n                    height=\"160\"\n                    style=\"max-width:100%;\"\n                \/>\n            <\/a>\n        <\/div>\n\t\t\t\t\t\t\t<\/div> \n\t\t\t\n\t\t\t\t<div id=\"ngg-image-13\" class=\"ngg-gallery-thumbnail-box \" >\n\t\t\t\t        <div class=\"ngg-gallery-thumbnail\">\n            <a href=\"http:\/\/parafiarussocice.pl\/wp-content\/gallery\/4-v-2021\/P5041118.jpeg\"\n               title=\"\"\n               data-src=\"http:\/\/parafiarussocice.pl\/wp-content\/gallery\/4-v-2021\/P5041118.jpeg\"\n               data-thumbnail=\"http:\/\/parafiarussocice.pl\/wp-content\/gallery\/4-v-2021\/thumbs\/thumbs_P5041118.jpeg\"\n               data-image-id=\"1180\"\n               data-title=\"P5041118\"\n               data-description=\"\"\n               data-image-slug=\"p5041118\"\n               class=\"ngg-simplelightbox\" rel=\"150bb2685f9c12bc050748f01af08a5e\">\n                <img\n                    title=\"P5041118\"\n                    alt=\"P5041118\"\n                    src=\"http:\/\/parafiarussocice.pl\/wp-content\/gallery\/4-v-2021\/thumbs\/thumbs_P5041118.jpeg\"\n                    width=\"240\"\n                    height=\"160\"\n                    style=\"max-width:100%;\"\n                \/>\n            <\/a>\n        <\/div>\n\t\t\t\t\t\t\t<\/div> \n\t\t\t\n\t\t\t\t<div id=\"ngg-image-14\" class=\"ngg-gallery-thumbnail-box \" >\n\t\t\t\t        <div class=\"ngg-gallery-thumbnail\">\n            <a href=\"http:\/\/parafiarussocice.pl\/wp-content\/gallery\/4-v-2021\/P5041225.jpeg\"\n               title=\"\"\n               data-src=\"http:\/\/parafiarussocice.pl\/wp-content\/gallery\/4-v-2021\/P5041225.jpeg\"\n               data-thumbnail=\"http:\/\/parafiarussocice.pl\/wp-content\/gallery\/4-v-2021\/thumbs\/thumbs_P5041225.jpeg\"\n               data-image-id=\"1184\"\n               data-title=\"P5041225\"\n               data-description=\"\"\n               data-image-slug=\"p5041225\"\n               class=\"ngg-simplelightbox\" rel=\"150bb2685f9c12bc050748f01af08a5e\">\n                <img\n                    title=\"P5041225\"\n                    alt=\"P5041225\"\n                    src=\"http:\/\/parafiarussocice.pl\/wp-content\/gallery\/4-v-2021\/thumbs\/thumbs_P5041225.jpeg\"\n                    width=\"240\"\n                    height=\"160\"\n                    style=\"max-width:100%;\"\n                \/>\n            <\/a>\n        <\/div>\n\t\t\t\t\t\t\t<\/div> \n\t\t\t\n\t\t\t\t<div id=\"ngg-image-15\" class=\"ngg-gallery-thumbnail-box \" >\n\t\t\t\t        <div class=\"ngg-gallery-thumbnail\">\n            <a href=\"http:\/\/parafiarussocice.pl\/wp-content\/gallery\/4-v-2021\/P5041227.jpeg\"\n               title=\"\"\n               data-src=\"http:\/\/parafiarussocice.pl\/wp-content\/gallery\/4-v-2021\/P5041227.jpeg\"\n               data-thumbnail=\"http:\/\/parafiarussocice.pl\/wp-content\/gallery\/4-v-2021\/thumbs\/thumbs_P5041227.jpeg\"\n               data-image-id=\"1185\"\n               data-title=\"P5041227\"\n               data-description=\"\"\n               data-image-slug=\"p5041227\"\n               class=\"ngg-simplelightbox\" rel=\"150bb2685f9c12bc050748f01af08a5e\">\n                <img\n                    title=\"P5041227\"\n                    alt=\"P5041227\"\n                    src=\"http:\/\/parafiarussocice.pl\/wp-content\/gallery\/4-v-2021\/thumbs\/thumbs_P5041227.jpeg\"\n                    width=\"240\"\n                    height=\"160\"\n                    style=\"max-width:100%;\"\n                \/>\n            <\/a>\n        <\/div>\n\t\t\t\t\t\t\t<\/div> \n\t\t\t\n\t\t\t\t<div id=\"ngg-image-16\" class=\"ngg-gallery-thumbnail-box \" >\n\t\t\t\t        <div class=\"ngg-gallery-thumbnail\">\n            <a href=\"http:\/\/parafiarussocice.pl\/wp-content\/gallery\/4-v-2021\/P5041235.jpeg\"\n               title=\"\"\n               data-src=\"http:\/\/parafiarussocice.pl\/wp-content\/gallery\/4-v-2021\/P5041235.jpeg\"\n               data-thumbnail=\"http:\/\/parafiarussocice.pl\/wp-content\/gallery\/4-v-2021\/thumbs\/thumbs_P5041235.jpeg\"\n               data-image-id=\"1186\"\n               data-title=\"P5041235\"\n               data-description=\"\"\n               data-image-slug=\"p5041235\"\n               class=\"ngg-simplelightbox\" rel=\"150bb2685f9c12bc050748f01af08a5e\">\n                <img\n                    title=\"P5041235\"\n                    alt=\"P5041235\"\n                    src=\"http:\/\/parafiarussocice.pl\/wp-content\/gallery\/4-v-2021\/thumbs\/thumbs_P5041235.jpeg\"\n                    width=\"240\"\n                    height=\"160\"\n                    style=\"max-width:100%;\"\n                \/>\n            <\/a>\n        <\/div>\n\t\t\t\t\t\t\t<\/div> \n\t\t\t\n\t\t\t\t<div id=\"ngg-image-17\" class=\"ngg-gallery-thumbnail-box \" >\n\t\t\t\t        <div class=\"ngg-gallery-thumbnail\">\n            <a href=\"http:\/\/parafiarussocice.pl\/wp-content\/gallery\/4-v-2021\/P5041247.jpeg\"\n               title=\"\"\n               data-src=\"http:\/\/parafiarussocice.pl\/wp-content\/gallery\/4-v-2021\/P5041247.jpeg\"\n               data-thumbnail=\"http:\/\/parafiarussocice.pl\/wp-content\/gallery\/4-v-2021\/thumbs\/thumbs_P5041247.jpeg\"\n               data-image-id=\"1187\"\n               data-title=\"P5041247\"\n               data-description=\"\"\n               data-image-slug=\"p5041247\"\n               class=\"ngg-simplelightbox\" rel=\"150bb2685f9c12bc050748f01af08a5e\">\n                <img\n                    title=\"P5041247\"\n                    alt=\"P5041247\"\n                    src=\"http:\/\/parafiarussocice.pl\/wp-content\/gallery\/4-v-2021\/thumbs\/thumbs_P5041247.jpeg\"\n                    width=\"240\"\n                    height=\"160\"\n                    style=\"max-width:100%;\"\n                \/>\n            <\/a>\n        <\/div>\n\t\t\t\t\t\t\t<\/div> \n\t\t\t\n\t\t\t\t<div id=\"ngg-image-18\" class=\"ngg-gallery-thumbnail-box \" >\n\t\t\t\t        <div class=\"ngg-gallery-thumbnail\">\n            <a href=\"http:\/\/parafiarussocice.pl\/wp-content\/gallery\/4-v-2021\/P1010058.jpeg\"\n               title=\"OLYMPUS DIGITAL CAMERA\"\n               data-src=\"http:\/\/parafiarussocice.pl\/wp-content\/gallery\/4-v-2021\/P1010058.jpeg\"\n               data-thumbnail=\"http:\/\/parafiarussocice.pl\/wp-content\/gallery\/4-v-2021\/thumbs\/thumbs_P1010058.jpeg\"\n               data-image-id=\"1170\"\n               data-title=\"OLYMPUS DIGITAL CAMERA\"\n               data-description=\"OLYMPUS DIGITAL CAMERA\"\n               data-image-slug=\"p1010058\"\n               class=\"ngg-simplelightbox\" rel=\"150bb2685f9c12bc050748f01af08a5e\">\n                <img\n                    title=\"OLYMPUS DIGITAL CAMERA\"\n                    alt=\"OLYMPUS DIGITAL CAMERA\"\n                    src=\"http:\/\/parafiarussocice.pl\/wp-content\/gallery\/4-v-2021\/thumbs\/thumbs_P1010058.jpeg\"\n                    width=\"240\"\n                    height=\"160\"\n                    style=\"max-width:100%;\"\n                \/>\n            <\/a>\n        <\/div>\n\t\t\t\t\t\t\t<\/div> \n\t\t\t\n\t\t\t\t<div id=\"ngg-image-19\" class=\"ngg-gallery-thumbnail-box \" >\n\t\t\t\t        <div class=\"ngg-gallery-thumbnail\">\n            <a href=\"http:\/\/parafiarussocice.pl\/wp-content\/gallery\/4-v-2021\/P1010046.jpeg\"\n               title=\"OLYMPUS DIGITAL CAMERA\"\n               data-src=\"http:\/\/parafiarussocice.pl\/wp-content\/gallery\/4-v-2021\/P1010046.jpeg\"\n               data-thumbnail=\"http:\/\/parafiarussocice.pl\/wp-content\/gallery\/4-v-2021\/thumbs\/thumbs_P1010046.jpeg\"\n               data-image-id=\"1168\"\n               data-title=\"OLYMPUS DIGITAL CAMERA\"\n               data-description=\"OLYMPUS DIGITAL CAMERA\"\n               data-image-slug=\"p1010046\"\n               class=\"ngg-simplelightbox\" rel=\"150bb2685f9c12bc050748f01af08a5e\">\n                <img\n                    title=\"OLYMPUS DIGITAL CAMERA\"\n                    alt=\"OLYMPUS DIGITAL CAMERA\"\n                    src=\"http:\/\/parafiarussocice.pl\/wp-content\/gallery\/4-v-2021\/thumbs\/thumbs_P1010046.jpeg\"\n                    width=\"240\"\n                    height=\"160\"\n                    style=\"max-width:100%;\"\n                \/>\n            <\/a>\n        <\/div>\n\t\t\t\t\t\t\t<\/div> \n\t\t\t\n\t\t\t\t<div id=\"ngg-image-20\" class=\"ngg-gallery-thumbnail-box \" >\n\t\t\t\t        <div class=\"ngg-gallery-thumbnail\">\n            <a href=\"http:\/\/parafiarussocice.pl\/wp-content\/gallery\/4-v-2021\/P1010048.jpeg\"\n               title=\"OLYMPUS DIGITAL CAMERA\"\n               data-src=\"http:\/\/parafiarussocice.pl\/wp-content\/gallery\/4-v-2021\/P1010048.jpeg\"\n               data-thumbnail=\"http:\/\/parafiarussocice.pl\/wp-content\/gallery\/4-v-2021\/thumbs\/thumbs_P1010048.jpeg\"\n               data-image-id=\"1169\"\n               data-title=\"OLYMPUS DIGITAL CAMERA\"\n               data-description=\"OLYMPUS DIGITAL CAMERA\"\n               data-image-slug=\"p1010048\"\n               class=\"ngg-simplelightbox\" rel=\"150bb2685f9c12bc050748f01af08a5e\">\n                <img\n                    title=\"OLYMPUS DIGITAL CAMERA\"\n                    alt=\"OLYMPUS DIGITAL CAMERA\"\n                    src=\"http:\/\/parafiarussocice.pl\/wp-content\/gallery\/4-v-2021\/thumbs\/thumbs_P1010048.jpeg\"\n                    width=\"240\"\n                    height=\"160\"\n                    style=\"max-width:100%;\"\n                \/>\n            <\/a>\n        <\/div>\n\t\t\t\t\t\t\t<\/div> \n\t\t\t\n\t\n\t<br style=\"clear: both\" \/>\n\n\t\n\t\t<!-- Pagination -->\n\t<div class='ngg-clear'><\/div>\t<\/div>\n\n","protected":false},"excerpt":{"rendered":"","protected":false},"author":1,"featured_media":6317,"parent":0,"menu_order":0,"comment_status":"closed","ping_status":"closed","template":"","meta":{"ngg_post_thumbnail":0},"_links":{"self":[{"href":"http:\/\/parafiarussocice.pl\/index.php\/wp-json\/wp\/v2\/pages\/6316"}],"collection":[{"href":"http:\/\/parafiarussocice.pl\/index.php\/wp-json\/wp\/v2\/pages"}],"about":[{"href":"http:\/\/parafiarussocice.pl\/index.php\/wp-json\/wp\/v2\/types\/page"}],"author":[{"embeddable":true,"href":"http:\/\/parafiarussocice.pl\/index.php\/wp-json\/wp\/v2\/users\/1"}],"replies":[{"embeddable":true,"href":"http:\/\/parafiarussocice.pl\/index.php\/wp-json\/wp\/v2\/comments?post=6316"}],"version-history":[{"count":1,"href":"http:\/\/parafiarussocice.pl\/index.php\/wp-json\/wp\/v2\/pages\/6316\/revisions"}],"predecessor-version":[{"id":6320,"href":"http:\/\/parafiarussocice.pl\/index.php\/wp-json\/wp\/v2\/pages\/6316\/revisions\/6320"}],"wp:featuredmedia":[{"embeddable":true,"href":"http:\/\/parafiarussocice.pl\/index.php\/wp-json\/wp\/v2\/media\/6317"}],"wp:attachment":[{"href":"http:\/\/parafiarussocice.pl\/index.php\/wp-json\/wp\/v2\/media?parent=6316"}],"curies":[{"name":"wp","href":"https:\/\/api.w.org\/{rel}","templated":true}]}}