{"id":5230,"date":"2020-05-16T10:21:14","date_gmt":"2020-05-16T10:21:14","guid":{"rendered":"http:\/\/parafiarussocice.pl\/?page_id=5230"},"modified":"2022-03-05T21:18:15","modified_gmt":"2022-03-05T21:18:15","slug":"cmentarz","status":"publish","type":"page","link":"http:\/\/parafiarussocice.pl\/index.php\/cmentarz\/","title":{"rendered":"Cmentarz"},"content":{"rendered":"<p style=\"text-align: center;\"><strong>Regulamin Cmentarzy Rzymskokatolickich<br \/>\nw Diecezji W\u0142oc\u0142awskiej<\/strong><\/p>\n<p style=\"text-align: justify;\">Cmentarze s\u0105 \u015bwi\u0119tymi miejscami spoczynku os\u00f3b zmar\u0142ych oraz modlitwy, dlatego Ko\u015bci\u00f3\u0142 otacza je szczeg\u00f3lna trosk\u0105. Celem zapewnienia nale\u017cnej czci zmar\u0142ym oraz dla porz\u0105dku i utrzymania w\u0142a\u015bciwego stanu estetycznego, powierza si\u0119 cmentarze wraz z ich urz\u0105dzeniami szczeg\u00f3lnej dba\u0142o\u015bci os\u00f3b wykonuj\u0105cych na ich terenach prace i odwiedzaj\u0105cych groby swoich bliskich oraz zaleca si\u0119 stosowanie poni\u017cszego regulaminu.<\/p>\n<p style=\"text-align: center;\"><strong>ROZDZIA\u0141 1<br \/>\n<\/strong><strong>Przepisy og\u00f3lne<br \/>\n<\/strong><strong>\u00a71<\/strong><\/p>\n<p style=\"text-align: justify;\"><strong>1.<\/strong> Cmentarz rzymskokatolicki w Russocicach jest cmentarzem wyznaniowym Ko\u015bcio\u0142a Katolickiego, przeznaczonym do poch\u00f3wku wiernych Ko\u015bcio\u0142a i os\u00f3b, kt\u00f3re wyra\u017ca wol\u0119 pochowania na nim z poszanowaniem jego charakteru. Ko\u015bci\u00f3\u0142 Katolicki pe\u0142ni na nim sw\u0105 misj\u0119 i sprawuje kult publiczny w granicach wyznaczonych przez prawo ko\u015bcielne, a potwierdzonych przez prawo powszechne, w szczeg\u00f3lno\u015bci przez Konkordat mi\u0119dzy Stolic\u0105 Apostolsk\u0105 i Rzeczpospolit\u0105 Polsk\u0105.<br \/>\n<strong>2. <\/strong>Cmentarz jest miejscem \u015bwi\u0119tym przeznaczonym dla sprawowania kultu publicznego wiary katolickiej, w kt\u00f3rej zmartwychwstanie umar\u0142ych jest nadziej\u0105 chrze\u015bcijan, a nakaz poszanowania cia\u0142 zmar\u0142ych jest obowi\u0105zkiem szczeg\u00f3lnym w oczekiwaniu na ich wskrzeszenie, co powierzone jest pieczy w\u0142adzy ko\u015bcielnej i wszystkich wiernych, a innym osobom nakazuje uszanowanie tego miejsca.<br \/>\n<strong>3. <\/strong>W\u0142a\u015bcicielem i zarz\u0105dc\u0105 (administratorem) cmentarza jest parafia <strong>p.w. \u015aw. Micha\u0142a Archanio\u0142a w Russocicach<\/strong>, na kt\u00f3rej spoczywa obowi\u0105zek zachowania katolickiego charakteru cmentarza i jego utrzymanie zgodnie z przeznaczeniem.<br \/>\n<strong>4<\/strong>. Czynno\u015bci zarz\u0105du i bie\u017c\u0105c\u0105 administracj\u0119 wykonuje Proboszcz parafii, jak r\u00f3wnie\u017c z upowa\u017cnienia proboszcza <strong>pan <em>Zenon Sankowski<\/em><\/strong>, zwany dalej administratorem cmentarza.<br \/>\n<strong>5<\/strong>. Do zada\u0144 tych w szczeg\u00f3lno\u015bci nale\u017cy:<\/p>\n<ul style=\"text-align: justify;\">\n<li>przyjmowanie zw\u0142ok do pochowania i przydzielanie miejsca do urz\u0105dzenia grobu;<\/li>\n<li>obs\u0142uga pogrzeb\u00f3w, kopanie grob\u00f3w, przygotowanie grobowc\u00f3w do poch\u00f3wk\u00f3w, chowanie zw\u0142ok i ekshumacje oraz piecza nad godnym<br \/>\ni spokojnym przebiegiem uroczysto\u015bci pogrzebowych;<\/li>\n<li>przyjmowanie op\u0142at cmentarnych za u\u017cytkowanie miejsc grzebalnych oraz innych op\u0142at zwi\u0105zanych z funkcjonowaniem cmentarza;<\/li>\n<li>prowadzenie dokumentacji cmentarza wynikaj\u0105cej z Rozporz\u0105dzenia Ministra Spraw Wewn\u0119trznych i Administracji z dnia 1 sierpnia 2001 r.&nbsp; w sprawie sposobu prowadzenia ewidencji grob\u00f3w, wraz ze zmianami wprowadzonymi Rozporz\u0105dzeniem z dnia 21 lipca 2003 r. zmieniaj\u0105cym Rozporz\u0105dzenie w sprawie sposobu prowadzenia ewidencji grob\u00f3w;<\/li>\n<li>utrzymanie porz\u0105dku, w tym utrzymywanie we w\u0142a\u015bciwym stanie technicznym dr\u00f3g dojazdowych i wewn\u0119trznych (utrzymywanie alejek, zamiatanie i od\u015bnie\u017canie dr\u00f3g), dost\u0119pu do p\u00f3l grzebalnych oraz urz\u0105dze\u0144 sanitarnych i wodnokanalizacyjnych, zbieranie i wyw\u00f3z \u015bmieci;<\/li>\n<li>konserwacja ma\u0142ej architektury oraz dom\u00f3w przedpogrzebowych<br \/>\ni budynk\u00f3w gospodarczych;<\/li>\n<li>planowanie, zak\u0142adanie i utrzymywanie zieleni (koszenie trawy, grabienie li\u015bci, piel\u0119gnacja drzew i krzew\u00f3w, nasadzenia);<\/li>\n<li>wykonywanie wszelkich prac zwi\u0105zanych z zagospodarowaniem<br \/>\ni utrzymaniem cmentarza, w tym przygotowanie kwater pod groby murowane i ziemne zgodnie z planem zagospodarowania przestrzennego terenu.<br \/>\n<strong>6<\/strong>. Na cmentarzu rzymskokatolickim nie organizuje si\u0119 \u015bwieckich ceremonii pogrzebowych (ograniczenie to nie dotyczy cmentarzy, kt\u00f3re s\u0105 jedynie w danej miejscowo\u015bci).<br \/>\n<strong>7<\/strong>. \u015arodki na utrzymywanie cmentarza pozyskiwane s\u0105 z op\u0142at cmentarnych, maj\u0105tku Ko\u015bcio\u0142a i innych \u017ar\u00f3de\u0142.<br \/>\n<strong>8<\/strong>. Na u\u017cytek niniejszego regulaminu przyjmuje si\u0119 nast\u0119puj\u0105ce definicje:<br \/>\n<strong>a) zarz\u0105dzanie cmentarzem<\/strong> \u2013 rozumie si\u0119 przez to us\u0142ugi cmentarne, do kt\u00f3rych nale\u017cy:<\/li>\n<li>przyjmowanie zw\u0142ok do pochowania i zawieranie um\u00f3w<br \/>\no u\u017cytkowanie grobu;<\/li>\n<li>przyjmowanie op\u0142at cmentarnych;<\/li>\n<li>prowadzenie przewidzianej prawem ewidencji i dokumentacji;<\/li>\n<li>utrzymywanie porz\u0105dku;<\/li>\n<li>kopanie, murowanie i zasypywanie grob\u00f3w;<\/li>\n<li>ekshumacje;<\/li>\n<li>obs\u0142uga uroczysto\u015bci pogrzebowych i piecza nad ich godnym przebiegiem;<\/li>\n<li>troska o bezpiecze\u0144stwo os\u00f3b i mienia;<\/li>\n<li>wykonywanie wszelkich prac zwi\u0105zanych z ogrodzeniem, zagospodarowaniem i utrzymywaniem terenu cmentarza, kt\u00f3re to czynno\u015bci nale\u017c\u0105 do kompetencji Zarz\u0105dcy.<br \/>\n<strong>b) us\u0142ugi pogrzebowe<\/strong> \u2013 rozumie si\u0119 eksportacj\u0119 zw\u0142ok z miejsca zgonu do miejsca przechowywania, przew\u00f3z zw\u0142ok w kraju i zagranic\u0105, przygotowanie zw\u0142ok do pogrzebu, transport zw\u0142ok z miejsca przechowywania do kaplicy cmentarnej, za\u0142atwianie wszelkich spraw zwi\u0105zanych z poch\u00f3wkiem, sprzeda\u017c akcesori\u00f3w pogrzebowych.<br \/>\n<strong>c) us\u0142ugi kamieniarskie<\/strong> \u2013 rozumie si\u0119 przez to wykonywanie wszelkich czynno\u015bci zwi\u0105zanych z budow\u0105, monta\u017cem, demonta\u017cem lub napraw\u0105 nagrobka.<br \/>\n<strong>d) dysponent grobu<\/strong> \u2013 rozumie si\u0119 przez to osob\u0119, kt\u00f3ra op\u0142aci\u0142a miejsce grzebalne i jest uprawniona do podejmowania decyzji w sprawie grobu w imieniu os\u00f3b posiadaj\u0105cych prawo do grobu.<br \/>\n<strong>e) prawo do grobu<\/strong> \u2013 rozumie si\u0119 przez to okre\u015blenie zakresu, czyli przedmiotu osobistych i materialnych uprawnie\u0144 najbli\u017cszej rodziny wobec miejsca pochowania bliskiej osoby. Obejmuje to w szczeg\u00f3lno\u015bci dochowanie, przebudow\u0119 grobu, ekshumacj\u0119, postawienie nagrobka i inne czynno\u015bci z tym zwi\u0105zane.<br \/>\n<strong>f) prawo do pochowania<\/strong> \u2013 rozumie si\u0119 przez to okre\u015blenie podmiot\u00f3w w porz\u0105dku okre\u015blonym w art. 10 Ustawy o cmentarzach i chowaniu zmar\u0142ych, posiadaj\u0105cych uprawnienia do poch\u00f3wku i w konsekwencji do miejsca pochowania osoby bliskiej.<\/li>\n<\/ul>\n<p style=\"text-align: justify;\">Ko\u015bci\u00f3\u0142 jest w\u0142a\u015bcicielem grunt\u00f3w, drzewostanu i grob\u00f3w, jako \u015bci\u015ble zwi\u0105zanych z gruntem i wszystkich urz\u0105dze\u0144 znajduj\u0105cych si\u0119 na terenach cmentarzy. Za w\u0142a\u015bcicieli nagrobk\u00f3w uwa\u017ca si\u0119 dysponent\u00f3w grob\u00f3w. Zarz\u0105dca wykonuje us\u0142ugi cmentarne na podstawie niniejszego regulaminu. Wobec os\u00f3b nie stosuj\u0105cych si\u0119 do regulaminu b\u0119d\u0105 wyci\u0105gane konsekwencje prawne i administracyjne.<br \/>\n<strong>9.<\/strong> Poza us\u0142ugami pogrzebowymi pozosta\u0142e czynno\u015bci zwi\u0105zane z pogrzebem maj\u0105 charakter religijny i stanowi\u0105 pos\u0142ug\u0119 duszpastersk\u0105.<\/p>\n<p style=\"text-align: center;\"><strong>ROZDZIA\u0141 2<br \/>\n<\/strong><strong>Postanowienia porz\u0105dkowe<br \/>\n<\/strong><strong>\u00a72<\/strong><\/p>\n<p style=\"text-align: justify;\"><strong>1.<\/strong> Cmentarz otwarty jest codziennie w porze letniej (1 IV \u2013 31 X) od godz. 8.00 do 20.00, w porze zimowej (1 XI \u2013 31 III) od godz. 8.00 do zmroku (do 17.00).<br \/>\n<strong>2.<\/strong> Osoby przebywaj\u0105ce na terenie cmentarza zobowi\u0105zane s\u0105 do poszanowania \u015bwi\u0119to\u015bci miejsca, zachowania ciszy i szacunku nale\u017cnego osobom zmar\u0142ym oraz dbania o czysto\u015b\u0107 i porz\u0105dek, dzieciom wolno przebywa\u0107 wy\u0142\u0105cznie pod opiek\u0105 doros\u0142ych.<br \/>\n<strong>3<\/strong>. W szczeg\u00f3lno\u015bci nie dozwolone jest na terenie cmentarza:<\/p>\n<ul>\n<li style=\"text-align: justify;\">przebywanie poza godzinami otwarcia;<\/li>\n<li style=\"text-align: justify;\">przebywanie w stanie nietrze\u017awym, spo\u017cywanie napoj\u00f3w alkoholowych i \u015brodk\u00f3w odurzaj\u0105cych, palenie papieros\u00f3w;<\/li>\n<li style=\"text-align: justify;\">wprowadzania zwierz\u0105t;<\/li>\n<li style=\"text-align: justify;\">niszczenia zieleni;<\/li>\n<li style=\"text-align: justify;\">niszczenie lub samodzielne przemieszczanie element\u00f3w ma\u0142ej architektury;<\/li>\n<li style=\"text-align: justify;\">wyrzucanie \u015bmieci w miejscach niedozwolonych, wyrzucanie \u015bmieci nie pochodz\u0105cych z cmentarza, wypalanie \u015bmieci;<\/li>\n<li style=\"text-align: justify;\">prowadzenie akwizycji, umieszczanie reklam i rozk\u0142adanie wizyt\u00f3wek;<\/li>\n<li style=\"text-align: justify;\">zabudowanie grobu wykraczaj\u0105ce poza powierzchni\u0105 miejsca grzebalnego, ustawianie \u0142awek, ogrodze\u0144, sadzenie drzew i krzew\u00f3w, utwardzanie wok\u00f3\u0142 miejsc grzebalnych itp., \u0142awki, utwardzone miejsca, nasadzone drzewa oraz krzewy mog\u0105 by\u0107 usuni\u0119te przez pracownik\u00f3w cmentarza bez powiadomienia dysponenta grobu;<\/li>\n<li style=\"text-align: justify;\">wje\u017cd\u017canie pojazdami mechanicznymi i rowerami bez zgody Administratora (nie dotyczy pracownik\u00f3w cmentarza);<\/li>\n<li style=\"text-align: justify;\">handlowanie i zarobkowanie bez zgody Administratora;<\/li>\n<li style=\"text-align: justify;\">usuwanie lub niszczenie na grobach tablic i napis\u00f3w dotycz\u0105cych os\u00f3b tam pochowanych;<\/li>\n<li style=\"text-align: justify;\">zbierania wszelkiego rodzaju ro\u015blin, sztucznych kwiat\u00f3w i wi\u0105zanek, zniczy z cudzych grob\u00f3w;<\/li>\n<li style=\"text-align: justify;\">chodzenie po urz\u0105dzonych miejscach grzebalnych;<\/li>\n<li style=\"text-align: justify;\">samowolne wykonywanie prac budowlanych i kamieniarskich.<\/li>\n<\/ul>\n<ol style=\"text-align: justify;\" start=\"4\">\n<li>Us\u0142ugi i prace kamieniarskie przy grobach mog\u0105 by wykonywane tylko w dni robocze oraz w sobot\u0119 w godzinach otwarcia cmentarza po uprzednim uzyskaniu zgody Administratora, wniesieniu stosownych op\u0142at i zg\u0142oszeniu zakresu prac w kancelarii cmentarza (kancelarii parafialnej).<\/li>\n<li>Ziele\u0144 wysoka znajduje si\u0119 pod opiek\u0105 Administratora. Dysponenci grob\u00f3w nie mog\u0105 we w\u0142asnym zakresie wykonywa\u0107 sadzenia, wycinki ani innej zmiany stanu drzew i wysokich krzew\u00f3w rosn\u0105cych w alejach cmentarnych lub i na grobach.<\/li>\n<li>Za zniszczenia i szkody powsta\u0142e w zwi\u0105zku z dzia\u0142aniem si\u0142 przyrody, kradzie\u017c\u0105 i aktami wandalizmu zarz\u0105d cmentarza nie ponosi odpowiedzialno\u015bci.<\/li>\n<li>Kszta\u0142t nagrobk\u00f3w, pomnik\u00f3w lub grobowc\u00f3w, umieszczane na nich napisy i u\u017cyta symbolika nie mog\u0105 narusza\u0107 wyznaniowego charakteru cmentarza.<\/li>\n<li>W przypadku powstania zniszcze\u0144 lub szpec\u0105cych uszkodze\u0144 pomnika dysponent grobu jest wzywany do wykonania naprawy w terminie okre\u015blonym w wezwaniu. Je\u017celi naprawa nie zosta\u0142a wykonana, Administrator jest upowa\u017cniony do zlecenia rozebrania pomnika, a dysponent nie ma prawa do odszkodowania.<\/li>\n<li>Kancelaria cmentarza (znajduj\u0105ca si\u0119 przy kancelarii parafialnej) czynna jest we wszystkie dni robocze w godzinach wskazanych w widocznym miejscu i za\u0142atwia wszelkie sprawy zwi\u0105zane z funkcjonowaniem cmentarza i pobiera op\u0142aty.<\/li>\n<\/ol>\n<p style=\"text-align: center;\"><strong>\u00a73<\/strong><\/p>\n<ol style=\"text-align: justify;\">\n<li>Na cmentarzu mog\u0105 znajdowa\u0107 si\u0119 groby ziemne, groby murowane, groby rodzinne, katakumby, kolumbarium.<\/li>\n<li>Zgodnie z rozporz\u0105dzeniem Ministra Infrastruktury z dnia 7 marca 2008 r. w sprawie wymaga\u0144 jakie musz\u0105 spe\u0142nia cmentarze, groby i inne miejsca poch\u00f3wku zw\u0142ok i szcz\u0105tk\u00f3w (Dz. U. Nr. 48, poz. 248):<\/li>\n<li>Gr\u00f3b ziemny stanowi d\u00f3\u0142 w ziemi, do kt\u00f3rego sk\u0142ada si\u0119 trumn\u0119 ze zw\u0142okami lub urn\u0119 i zasypuje wydobyt\u0105 z tego grobu ziemi\u0105;<\/li>\n<li>Gr\u00f3b murowany stanowi gr\u00f3b, w kt\u00f3rym boki s\u0105 murowane do poziomu gruntu , do kt\u00f3rego sk\u0142ada si\u0119 trumn\u0119 ze zw\u0142okami lub urn\u0119, nad kt\u00f3rymi wykonane jest sklepienie;<\/li>\n<li>Gr\u00f3b rodzinny stanowi gr\u00f3b przeznaczony do sk\u0142adania dw\u00f3ch lub wi\u0119cej trumien ze zw\u0142okami lub urn;<\/li>\n<li>Katakumby stanowi\u0105 pomieszczenie z niszami w \u015bcianie, przeznaczone do poch\u00f3wku zw\u0142ok;<\/li>\n<li>Kolumbarium stanowi budow\u0119 z niszami przeznaczonymi do sk\u0142adania urn;<\/li>\n<li>Miejsce grzebalne to miejsce wyznaczone przez Zarz\u0105dc\u0119 cmentarza do urz\u0105dzenia grobu.<\/li>\n<\/ol>\n<p style=\"text-align: center;\"><strong>ROZDZIA\u0141 3<br \/>\n<\/strong><strong>Zasady dysponowania grobem i ponoszenia op\u0142at<br \/>\n<\/strong><strong>\u00a74<\/strong><strong>&nbsp;<\/strong><\/p>\n<ol style=\"text-align: justify;\">\n<li>Ka\u017cdy gr\u00f3b powinien mie\u0107 dysponenta. Dysponent grobu w momencie dysponowania grobem o\u015bwiadcza w formie pisemnej, i\u017c nie ma innych os\u00f3b, kt\u00f3re mog\u0105 sobie rosi\u0107 prawa do grobu.<\/li>\n<li>Dokumentem potwierdzaj\u0105cym prawo do dysponowania grobem jest imienne pokwitowanie uiszczenia stosownych op\u0142at za gr\u00f3b, wystawione dysponentowi przez Zarz\u0105dc\u0119 cmentarza.<\/li>\n<li>W przypadku \u015bmierci dysponenta grobu oraz w sytuacji, gdy nie zosta\u0142 on w nim pochowany, prawo do dysponowania grobem przechodzi na osob\u0119, kt\u00f3ra go pochowa\u0142a, chyba \u017ce inna osoba przedstawi prawomocne orzeczenie s\u0105dowe, wskazuj\u0105ce j\u0105, jako osob\u0119 uprawnion\u0105 do dysponowania grobem.<\/li>\n<li>Dysponent grobu jest uprawniony zrzec si\u0119 prawa do miejsca grzebalnego na rzecz najbli\u017cszych cz\u0142onk\u00f3w rodziny osoby zmar\u0142ej, pochowanej w danym grobie. Takie zrzeczenie mo\u017ce nast\u0105pi\u0107 tylko w formie pisemnej w kancelarii cmentarza, przy czym jeden egzemplarz o\u015bwiadczenia woli zostaje w kancelarii, a drugi otrzymuje dysponent grobu.<\/li>\n<li>Gr\u00f3b nie mo\u017ce by\u0107 u\u017cyty do ponownego chowania przed up\u0142ywem 20 lat. Ponowne u\u017cycie grobu, po up\u0142ywie tego okresu nie mo\u017ce nast\u0105pi\u0107, je\u017celi uprawniona osoba zg\u0142osi zastrze\u017cenie przeciw temu i ui\u015bci op\u0142at\u0119, przewidzian\u0105 w Regulaminie cmentarza za pochowanie.<\/li>\n<li>Up\u0142yw okresu 20 lat powoduje, \u017ce gr\u00f3b mo\u017ce by\u0107 przeznaczony do ponownego poch\u00f3wku, tzn. Zarz\u0105dca cmentarza mo\u017ce przekaza\u0107 to miejsce innej osobie, celem pochowania innego zmar\u0142ego.<\/li>\n<li>Dotychczasowe prawo do grobu wygasa od momentu i na skutek zaistnienia prawa innej osoby do pochowania zw\u0142ok w tym grobie. Jednak dop\u00f3ki Zarz\u0105dca cmentarza nie rozporz\u0105dzi\u0142 miejscem i inna osoba nie naby\u0142a prawa do grobu w tym miejscu, mo\u017cna skutecznie zg\u0142osi\u0107 zastrze\u017cenie i ui\u015bci\u0107 op\u0142at\u0119, przed\u0142u\u017caj\u0105c prawo do grobu na okres kolejnych 20 lat.<\/li>\n<\/ol>\n<ul style=\"text-align: justify;\">\n<li style=\"list-style-type: none;\">&nbsp;<\/li>\n<\/ul>\n<p style=\"text-align: center;\"><strong>\u00a75<\/strong><\/p>\n<p style=\"text-align: justify;\"><strong>1. <\/strong>Za miejsca grzebalne ziemne i murowane oraz za postawienie nagrobka (zwyczajowo 10% od jego warto\u015bci) pobiera si\u0119 op\u0142aty. Informacja o wysoko\u015bci op\u0142at za korzystanie z cmentarza tj. op\u0142aty za miejsca grzebalne, op\u0142at za czynno\u015bci cmentarno \u2013 kancelaryjne oraz op\u0142at za utrzymanie infrastruktury cmentarza jest dost\u0119pna w kancelarii.<br \/>\n<strong>2.<\/strong> Wszystkie op\u0142aty, o kt\u00f3rych mowa w pkt.1, wynikaj z koszt\u00f3w funkcjonowania i utrzymania cmentarza oraz plan\u00f3w inwestycyjnych.<br \/>\n<strong>3<\/strong>. Pracownik kancelarii przyjmuj\u0105c op\u0142at\u0119, potwierdza ten fakt ka\u017cdorazowo odpowiednim dokumentem.<br \/>\n<strong>4<\/strong>. Pok\u0142adne to op\u0142ata sk\u0142adana Zarz\u0105dcy cmentarza w chwili powstania nowego grobu lub ponownego poch\u00f3wku w grobie marmurowym. Uiszczanie pok\u0142adnego skutkuje przyznaniem prawa do u\u017cytkowania miejsca grzebalnego na okres 20 lat. Wysoko\u015b\u0107 pok\u0142adnego okre\u015blana jest przez Zarz\u0105dc\u0119 z uwzgl\u0119dnieniem koszt\u00f3w utrzymania cmentarza i zwyczaj\u00f3w miejscowych.<br \/>\n<strong>5<\/strong>. Prolongata to ponowna op\u0142ata za prawo do u\u017cytkowania miejsca na cmentarzu, sk\u0142adana Zarz\u0105dcy cmentarza po up\u0142ywie 20 lat od dnia ostatniego poch\u00f3wku w danym miejscu.<br \/>\n<strong>6<\/strong>. Prolongat nie pobiera si od murowanych grob\u00f3w rodzinnych tj. grob\u00f3w murowanych przeznaczonych do pochowania zw\u0142ok wi\u0119cej ni\u017c jednej osoby.<br \/>\n<strong>7.<\/strong>Po up\u0142ywie 20 lat dysponent murowanego grobu rodzinnego zobowi\u0105zany jest do uiszczenia op\u0142aty na utrzymanie infrastruktury cmentarza. Je\u015bli op\u0142ata na utrzymanie infrastruktury cmentarza jest wy\u017csza ni\u017c wysoko\u015b\u0107 prolongaty na kolejne 20 lat, to obowi\u0105zek uiszczenia r\u00f3\u017cnicy pomi\u0119dzy tymi op\u0142atami ci\u0105\u017cy tak\u017ce na dysponencie grobu ziemnego.<br \/>\n<strong>8.<\/strong> Wp\u0142ywy z pok\u0142adnego, prolongat, rezerwacji miejsc, op\u0142at za miejsce, na kt\u00f3rym stawiany jest grobowiec oraz op\u0142at na utrzymanie infrastruktury cmentarza, przeznaczone s\u0105 na inwestycje cmentarne i parafialne,<br \/>\nw szczeg\u00f3lno\u015bci na koszty wywozu \u015bmieci, op\u0142at za wod\u0119, energii elektryczn\u0105, ubezpieczenia cmentarza, wynagrodzenie pracownik\u00f3w cmentarnych, utrzymywania nale\u017cytego porz\u0105dku na cmentarzu oraz zapewnienie wykonania zada\u0144, o kt\u00f3rych mowa w <strong>\u00a7<\/strong> 1 pkt. 5.<\/p>\n<p style=\"text-align: center;\"><strong>ROZDZIA\u0141 4<br \/>\n<\/strong><strong>Zasady wykonywania prac i us\u0142ug przez podmioty niezale\u017cne od Administratora<br \/>\n<\/strong><strong>\u00a7&nbsp;6 <\/strong><\/p>\n<p style=\"text-align: justify;\"><strong>1.<\/strong>Wykonywanie wszelkich prac na terenie cmentarza, w szczeg\u00f3lno\u015bci<br \/>\nw zakresie us\u0142ug kamieniarskich, pogrzebowych, piel\u0119gnacji zieleni, opieki nad grobami, wymaga zawarcia odpowiedniej umowy z Zarz\u0105dc\u0105 cmentarza.<br \/>\n<strong>2<\/strong>. Podmioty, kt\u00f3re nie maj\u0105 zawartych sta\u0142ych um\u00f3w, s\u0105 zobowi\u0105zane do uzyskania od Zarz\u0105dcy cmentarza jednorazowego pozwolenia na wykonanie us\u0142ugi.<br \/>\n<strong>3<\/strong>. Wszyscy wykonawcy (tj. firmy zewn\u0119trzne, prowadz\u0105ce na podstawie w\u0142a\u015bciwych przepis\u00f3w prawa dzia\u0142alno\u015b\u0107 gospodarcz\u0105) maj\u0105 prawo do \u015bwiadczenia us\u0142ug na jednakowych warunkach.<\/p>\n<p style=\"text-align: center;\"><strong>\u00a77<\/strong><\/p>\n<p style=\"text-align: justify;\"><strong>1.<\/strong>Wykonawcy zobowi\u0105zani s\u0105 do zachowania czci wobec os\u00f3b zmar\u0142ych oraz powagi miejsca kultu religijnego, a w szczeg\u00f3lno\u015bci swoimi dzia\u0142aniami nie mog\u0105 w jakikolwiek spos\u00f3b zak\u0142\u00f3ca\u0107 przebiegu uroczysto\u015bci pogrzebowych.<br \/>\n<strong>2<\/strong>. Us\u0142ugi kamieniarskie mog\u0105 by\u0107 \u015bwiadczone przez wykonawc\u00f3w po przedstawieniu projektu zagospodarowania grobu i jego otoczenia oraz po uprzednim wniesieniu op\u0142at. Projekt zagospodarowania grobu i jego otoczenia mo\u017ce obejmowa\u0107 jedynie wymiar placu miejsca grzebalnego, kt\u00f3ry zosta\u0142 okre\u015blony w pokwitowaniu na gr\u00f3b.<br \/>\n<strong>3.<\/strong> Zarz\u0105dca cmentarza mo\u017ce odm\u00f3wi\u0107 zawarcia umowy z wykonawcami niegwarantuj\u0105cymi profesjonalnego i sumiennego wykonania us\u0142ugi.<br \/>\n<strong>4.<\/strong> Wykonawcy ponosz\u0105 pe\u0142n\u0105 odpowiedzialno\u015b\u0107 za wszelkie szkody i straty wyrz\u0105dzone w mieniu cmentarza i os\u00f3b trzecich oraz zobowi\u0105zani s\u0105 do naprawienia wyrz\u0105dzonej przez siebie szkody i zado\u015b\u0107uczynienia osobom poszkodowanym. Wykonawca ponosi wy\u0142\u0105czn\u0105 odpowiedzialno\u015b\u0107 za dzia\u0142ania i zaniechania swoich pracownik\u00f3w, realizuj\u0105cych prace i us\u0142ugi na terenie cmentarza.<br \/>\n<strong>5<\/strong>. W przypadku stwierdzenia przez Administratora ra\u017c\u0105cych uchybie\u0144 przy wykonaniu prac lub us\u0142ug, b\u0105d\u017a nieprzestrzegania przez Wykonawc\u0119 postanowie\u0144 regulaminu, niewnosz\u0105cemu stosownych op\u0142at albo uchybienia wymogom liturgii i zasadom obowi\u0105zuj\u0105cym w miejscu \u015bwi\u0119tym Administrator mo\u017ce stosowa\u0107 wobec takiego wykonawcy czasowy lub sta\u0142y zakaz dzia\u0142alno\u015bci na cmentarzu.<br \/>\n<strong>6.<\/strong> Wykonawcy us\u0142ug kamieniarskich zobowi\u0105zani s\u0105 na wezwanie pracownik\u00f3w cmentarza i ochrony okazywa\u0107 pozwolenie wydane przez Administratora na prowadzenie prac kamieniarskich. W przypadku braku pozwolenia na prowadzenie prac kamieniarskich Zarz\u0105dca ma prawo zabroni\u0107 wykonywania us\u0142ug kamieniarskich i nakaza\u0107 opuszczenie terenu cmentarza, a w razie potrzeby wezwa\u0107 odpowiednie s\u0142u\u017cby porz\u0105dkowe lub Policj\u0119.<\/p>\n<p style=\"text-align: justify;\">Niniejszy Regulamin, zatwierdzony przez Biskupa W\u0142oc\u0142awskiego, zgodny jest z <em>Instrukcj\u0105 w sprawie pogrzebu<\/em> wydan\u0105 przez Biskupa W\u0142oc\u0142awskiego dnia 12.09.2011 r. (L.dz. 1170\/2011) i z aktualnie obowi\u0105zuj\u0105cymi przepisami ko\u015bcielnymi i pa\u0144stwowymi dotycz\u0105cymi pogrzebu i cmentarzy.<\/p>\n<p style=\"text-align: justify;\">Regulamin cmentarza wchodzi w \u017cycie z dniem 1 X 2011 r.<\/p>\n<p style=\"text-align: justify;\"><em>+ Stanis\u0142aw G\u0119bicki, Wikariusz Generalny <\/em>W\u0142oc\u0142awek 12.09.2011 r. (L.dz. 1171\/2011)<\/p>\n<p style=\"text-align: justify;\"><em>Artur Niemira, Kanclerz Kurii<\/em><\/p>\n<p><strong>Regulamin Cmentarza dost\u0119pny r\u00f3wnie\u017c w wersji papierowej w kancelarii parafialnej.<\/strong><\/p>\n","protected":false},"excerpt":{"rendered":"<p>Regulamin Cmentarzy Rzymskokatolickich w Diecezji W\u0142oc\u0142awskiej Cmentarze s\u0105 \u015bwi\u0119tymi miejscami spoczynku os\u00f3b zmar\u0142ych oraz modlitwy, dlatego Ko\u015bci\u00f3\u0142 otacza je szczeg\u00f3lna trosk\u0105. Celem zapewnienia nale\u017cnej czci zmar\u0142ym oraz dla porz\u0105dku i utrzymania w\u0142a\u015bciwego stanu estetycznego, powierza si\u0119 cmentarze wraz z ich urz\u0105dzeniami szczeg\u00f3lnej dba\u0142o\u015bci os\u00f3b wykonuj\u0105cych na ich terenach prace i odwiedzaj\u0105cych groby swoich bliskich oraz &hellip; <a href=\"http:\/\/parafiarussocice.pl\/index.php\/cmentarz\/\" class=\"more-link\">Czytaj dalej <span class=\"screen-reader-text\">Cmentarz<\/span><\/a><\/p>\n","protected":false},"author":1,"featured_media":5312,"parent":0,"menu_order":0,"comment_status":"closed","ping_status":"closed","template":"","meta":{"ngg_post_thumbnail":0},"_links":{"self":[{"href":"http:\/\/parafiarussocice.pl\/index.php\/wp-json\/wp\/v2\/pages\/5230"}],"collection":[{"href":"http:\/\/parafiarussocice.pl\/index.php\/wp-json\/wp\/v2\/pages"}],"about":[{"href":"http:\/\/parafiarussocice.pl\/index.php\/wp-json\/wp\/v2\/types\/page"}],"author":[{"embeddable":true,"href":"http:\/\/parafiarussocice.pl\/index.php\/wp-json\/wp\/v2\/users\/1"}],"replies":[{"embeddable":true,"href":"http:\/\/parafiarussocice.pl\/index.php\/wp-json\/wp\/v2\/comments?post=5230"}],"version-history":[{"count":12,"href":"http:\/\/parafiarussocice.pl\/index.php\/wp-json\/wp\/v2\/pages\/5230\/revisions"}],"predecessor-version":[{"id":6818,"href":"http:\/\/parafiarussocice.pl\/index.php\/wp-json\/wp\/v2\/pages\/5230\/revisions\/6818"}],"wp:featuredmedia":[{"embeddable":true,"href":"http:\/\/parafiarussocice.pl\/index.php\/wp-json\/wp\/v2\/media\/5312"}],"wp:attachment":[{"href":"http:\/\/parafiarussocice.pl\/index.php\/wp-json\/wp\/v2\/media?parent=5230"}],"curies":[{"name":"wp","href":"https:\/\/api.w.org\/{rel}","templated":true}]}}